{"id":159,"date":"2008-03-08T22:36:12","date_gmt":"2008-03-08T21:36:12","guid":{"rendered":"https:\/\/mode-franziska.de\/neu\/fahnenweihe\/"},"modified":"2021-09-13T15:14:10","modified_gmt":"2021-09-13T13:14:10","slug":"fahnenweihe","status":"publish","type":"page","link":"https:\/\/mode-franziska.de\/neu\/fahnenweihe\/","title":{"rendered":"Fahnenweihe"},"content":{"rendered":"<div align=\"left\">Mit ma\u00dfgeschneiderten Modellen zeigen Sie bei Fahnenweihen f\u00fcr die Festdame und die Bandlkinder Eleganz und Tradition in einer Harmonie.<br \/>\n<strong>Patenbraut beim Sch\u00fctzenfest<\/strong><\/p>\n<table border=\"0\" width=\"348\" cellspacing=\"5\" cellpadding=\"5\" align=\"center\">\n<tbody>\n<tr>\n<td><a class=\"jcebox\" title=\"Patenbraut beim Sch\u00fctzenfest\" href=\"https:\/\/mode-franziska.de\/neu\/wp-content\/uploads\/2008\/03\/Patenbraut-1.jpg\" rel=\"fahne\"><img loading=\"lazy\" decoding=\"async\" class=\" size-full wp-image-131\" src=\"https:\/\/mode-franziska.de\/neu\/wp-content\/uploads\/2008\/03\/thumb_Patenbraut-1.jpg\" alt=\"\" width=\"150\" height=\"100\" border=\"0\" \/><\/a><\/td>\n<td><a class=\"jcebox\" title=\"Patenbraut beim Sch\u00fctzenfest\" href=\"https:\/\/mode-franziska.de\/neu\/wp-content\/uploads\/2008\/03\/Patenbraut-2.jpg\" rel=\"fahne\"><img loading=\"lazy\" decoding=\"async\" class=\" size-full wp-image-134\" src=\"https:\/\/mode-franziska.de\/neu\/wp-content\/uploads\/2008\/03\/thumb_Patenbraut-2.jpg\" alt=\"\" width=\"100\" height=\"150\" border=\"0\" \/><\/a><\/td>\n<td><a class=\"jcebox\" title=\"Patenbraut beim Sch\u00fctzenfest\" href=\"https:\/\/mode-franziska.de\/neu\/wp-content\/uploads\/2008\/03\/Patenbraut-3.jpg\" rel=\"fahne\"><img loading=\"lazy\" decoding=\"async\" class=\" size-full wp-image-136\" src=\"https:\/\/mode-franziska.de\/neu\/wp-content\/uploads\/2008\/03\/thumb_Patenbraut-3.jpg\" alt=\"\" width=\"100\" height=\"150\" border=\"0\" \/><\/a><\/td>\n<\/tr>\n<\/tbody>\n<\/table>\n<div align=\"left\"><span style=\"font-size: 8pt;\">Foto: privat<\/span><\/div>\n<div align=\"left\">Dieses Corsagenkleid aus hochrotem Cr\u00eape Satin zieht durch seine figurbetonende Fishtaillinie und dezentem silbernen Strassbesatz alle Blicke auf sich. In die rechte Teilungsnaht ist vom Saum bis zur H\u00fcfte ein transparentes Godet aus gleichfarbigem Organza eingesetzt, welches als zus\u00e4tzlichen Blickfang ein silberfarbiges Paillettenornament schm\u00fcckt. Aufgelockert wird dieses Detail durch einige gezielt gesetzte Swarovskisteine.<br \/>\nZum Kirchgang tr\u00e4gt die Patenbraut ein Kelchkragenbolero mit eingesetzten 3\/4langen \u00c4rmeln.<br \/>\nDie Kleider der beiden Begleitm\u00e4dchen sind vom Stil her gleich gehalten, allerdings mit einem kindgerechten Halsausschnitt und schmalen, kurzen \u00c4rmel.<\/p>\n<\/div>\n<p><strong>Trauermutter der Buchbergsch\u00fctzen Reut<\/strong><\/p>\n<table border=\"0\" width=\"348\" cellspacing=\"5\" cellpadding=\"5\" align=\"center\">\n<tbody>\n<tr>\n<td><a class=\"jcebox\" title=\"Trauermutter der Buchbergsch\u00fctzen Reut\" href=\"https:\/\/mode-franziska.de\/neu\/wp-content\/uploads\/2008\/03\/0089_w.jpg\" rel=\"fahne\"><img loading=\"lazy\" decoding=\"async\" class=\" size-full wp-image-138\" src=\"https:\/\/mode-franziska.de\/neu\/wp-content\/uploads\/2008\/03\/0089_th.jpg\" alt=\"\" width=\"100\" height=\"150\" border=\"0\" \/><\/a><\/td>\n<td><a class=\"jcebox\" title=\"Trauermutter der Buchbergsch\u00fctzen Reut\" href=\"https:\/\/mode-franziska.de\/neu\/wp-content\/uploads\/2008\/03\/140601_w.jpg\" rel=\"fahne\"><img loading=\"lazy\" decoding=\"async\" class=\" size-full wp-image-140\" src=\"https:\/\/mode-franziska.de\/neu\/wp-content\/uploads\/2008\/03\/140601_th.jpg\" alt=\"\" width=\"150\" height=\"100\" border=\"0\" \/><\/a><\/td>\n<td><a class=\"jcebox\" title=\"Trauermutter der Buchbergsch\u00fctzen Reut\" href=\"https:\/\/mode-franziska.de\/neu\/wp-content\/uploads\/2008\/03\/detail_w.jpg\" rel=\"fahne\"><img loading=\"lazy\" decoding=\"async\" class=\" size-full wp-image-142\" src=\"https:\/\/mode-franziska.de\/neu\/wp-content\/uploads\/2008\/03\/detail_th.jpg\" alt=\"\" width=\"57\" height=\"150\" border=\"0\" \/><\/a><\/td>\n<\/tr>\n<\/tbody>\n<\/table>\n<div align=\"left\"><span style=\"font-size: 8pt;\">Foto: Neumeier<\/span><\/div>\n<div align=\"left\">Drei Komponenten unterstreichen die Pers\u00f6nlichkeit der Festdame und die Eleganz des Kleides:<br \/>\n&#8211; die figurbetonende Fishtaillinie,<br \/>\n&#8211; der dunkelblaue Rosenjaquardstoff<br \/>\n&#8211; und die silberne Blumenstickerei<br \/>\nBeim Kirchgang \u00fcberspielt ein zartes Spitzenbolero mit angeschnittenem Kelchkragen und 3\/4langen \u00c4rmeln den weiblichen Ausschnitt des Kleides.<br \/>\nInteressante Quetschfalten sind in den bodenlangen Rock des M\u00e4dchens gelegt.Ausserdem ziert das Kurzarmkleid ein gebogter Halsausschnitt und eine stimmige Blumenstickerei auf dem Oberteil.<br \/>\nPassend zu den Damen hat das Jaquard-Gilet des Jungen silberne Kugelkn\u00f6pfe. Dunkelblaues Sergefutter ist im R\u00fccken eingearbeitet. Erg\u00e4nzt wird das Festoutfit mit einer blauen Jaquardfliege.<\/p>\n<\/div>\n<p><strong>Festbraut der FFW Hickerstall<\/strong><\/p>\n<table border=\"0\" width=\"348\" cellspacing=\"5\" cellpadding=\"5\" align=\"center\">\n<tbody>\n<tr>\n<td><a class=\"jcebox\" title=\"Festbraut  der FFW Hickerstall\" href=\"https:\/\/mode-franziska.de\/neu\/wp-content\/uploads\/2008\/03\/C6281474-2.jpg\" rel=\"fahne\"><img loading=\"lazy\" decoding=\"async\" class=\" size-full wp-image-144\" src=\"https:\/\/mode-franziska.de\/neu\/wp-content\/uploads\/2008\/03\/C6281474-th.jpg\" alt=\"\" width=\"143\" height=\"100\" border=\"0\" \/><\/a><\/td>\n<td><a class=\"jcebox\" title=\"Festbraut  der FFW Hickerstall\" href=\"https:\/\/mode-franziska.de\/neu\/wp-content\/uploads\/2008\/03\/C6281477-2.jpg\" rel=\"fahne\"><img loading=\"lazy\" decoding=\"async\" class=\" size-full wp-image-146\" src=\"https:\/\/mode-franziska.de\/neu\/wp-content\/uploads\/2008\/03\/C6281477-th.jpg\" alt=\"\" width=\"100\" height=\"143\" border=\"0\" \/><\/a><\/td>\n<td><a class=\"jcebox\" title=\"Festbraut  der FFW Hickerstall\" href=\"https:\/\/mode-franziska.de\/neu\/wp-content\/uploads\/2008\/03\/C6281491-2.jpg\" rel=\"fahne\"><img loading=\"lazy\" decoding=\"async\" class=\" size-full wp-image-148\" src=\"https:\/\/mode-franziska.de\/neu\/wp-content\/uploads\/2008\/03\/C6281491-th.jpg\" alt=\"\" width=\"100\" height=\"143\" border=\"0\" \/><\/a><\/td>\n<\/tr>\n<\/tbody>\n<\/table>\n<div align=\"left\"><span style=\"font-size: 8pt;\">Foto: Neumeier<\/span><\/div>\n<div align=\"left\">Die junge Dame tr\u00e4gt ein elegantes Drappeekleid aus eisblauer Wildseide mit einseitigem Spitzeneinsatz, der mit heller Wildseide unterlegt ist, was dieses Outfit noch interessanter und exquisiter macht. Das tief angesetzte Decollte ziert ein schmaler Umlegeklagen, der asymetrisch in die Seitennaht verl\u00e4uft.<br \/>\nAus dem Grundstoff der Festdame ist das wadenlange,\u00e4rmellose Festkleid der Bandlkinder gefertigt. Es hat einen kindgerechten, rungeschnittenen Umlegekragen und einen zarten G\u00fcrtel mit einer Stoffrosette. Ein farblich abgestimmter heller Wildseidenbesatz ist an den bodenlangen, entfernbaren Petticoat gearbeitet. Zudem schm\u00fcckt die M\u00e4dchen auch noch ein zartes Spitzenbl\u00fcschen .Komplettiert wird dieses wandelbare Festkleidchen mit einem Kimonobolero, dessen Halsausschnitt unter den Kragen des Kleides schliesst.<\/p>\n<\/div>\n<p><strong>Fahnenmutter mit Bandlkinder \u2013 Ein Traum in Lila<\/strong><\/p>\n<table border=\"0\" width=\"348\" cellspacing=\"5\" cellpadding=\"5\" align=\"center\">\n<tbody>\n<tr>\n<td>\n<div align=\"center\"><a class=\"jcebox\" title=\"Fahnenmutter mit Bandlkinder Ein Traum in Lila\" href=\"https:\/\/mode-franziska.de\/neu\/wp-content\/uploads\/2008\/03\/fahne1.jpg\" rel=\"fahne\"><img loading=\"lazy\" decoding=\"async\" class=\" size-full wp-image-150\" src=\"https:\/\/mode-franziska.de\/neu\/wp-content\/uploads\/2008\/03\/thumb_fahne1.jpg\" alt=\"\" width=\"100\" height=\"150\" border=\"0\" \/><\/a><\/div>\n<\/td>\n<td><a class=\"jcebox\" title=\"Fahnenmutter mit Bandlkinder Ein Traum in Lila\" href=\"https:\/\/mode-franziska.de\/neu\/wp-content\/uploads\/2008\/03\/fahne2.jpg\" rel=\"fahne\"><img loading=\"lazy\" decoding=\"async\" class=\" size-full wp-image-152\" src=\"https:\/\/mode-franziska.de\/neu\/wp-content\/uploads\/2008\/03\/thumb_fahne2.jpg\" alt=\"\" width=\"100\" height=\"150\" border=\"0\" \/><\/a><\/td>\n<td><a class=\"jcebox\" title=\"Fahnenmutter mit Bandlkinder Ein Traum in Lila\" href=\"https:\/\/mode-franziska.de\/neu\/wp-content\/uploads\/2008\/03\/fahne3.jpg\" rel=\"fahne\"><img loading=\"lazy\" decoding=\"async\" class=\" size-full wp-image-154\" src=\"https:\/\/mode-franziska.de\/neu\/wp-content\/uploads\/2008\/03\/thumb_fahne3.jpg\" alt=\"\" width=\"150\" height=\"100\" border=\"0\" \/><\/a><\/td>\n<td><a class=\"jcebox\" title=\"Fahnenmutter mit Bandlkinder Ein Traum in Lila\" href=\"https:\/\/mode-franziska.de\/neu\/wp-content\/uploads\/2008\/03\/fahne4.jpg\" rel=\"fahne\"><img loading=\"lazy\" decoding=\"async\" class=\" size-full wp-image-156\" src=\"https:\/\/mode-franziska.de\/neu\/wp-content\/uploads\/2008\/03\/thumb_fahne4.jpg\" alt=\"\" width=\"100\" height=\"150\" border=\"0\" \/><\/a><\/td>\n<\/tr>\n<\/tbody>\n<\/table>\n<div align=\"left\"><span style=\"font-size: 8pt;\">Foto: Wieland<\/span><\/div>\n<div align=\"left\">Das Grundkleid aus fliederfarbenen Taft Changeant ist im Oberteil enganliegend und ab der H\u00fcfte weit ausgestellt. Als besonderes Accessoirebei diesem Modell entpuppt sich die doppellagige Seidenstola aus zweiverschiedenen Lilat\u00f6nen, die im Vorderteil auf Brusth\u00f6he keif\u00f6rmigangesetzt ist,\u00fcber die Schulter als Zierkragen liegt und im R\u00fcckenlocker bis zum Kleidersaum verl\u00e4uft. Die dreiviertellangen, gereihten\u00c4rmel sind ebenfalls aus Seide und doppellagig. Allerdings ist hier derhelle Lilaton aussen und der dunklere changiert darunter. DieFormb\u00fcndchen an den \u00c4rmeln und das Mittelteil am gereihten Stolaansatzsind aus dem Grundstoff gearbeitet und aufwendig mit lilafarbigenStra\u00dfsteinen bestickt und Swarovskikristallen verziert.<br \/>\nBei den Bandlkindern bestechen der duftig verarbeitete Stufenrock ausSeidenmousseline sowie die doppellagigen und ebenfalls fablichabgestuften Puff\u00e4rmel. Pfiff erhalten die Kleider durch den aus demdunklen und hellen Lilat\u00f6nen gedrehten Bindeg\u00fcrtel. Das taillenlangeOberteil und der Kragen sind aus dem Grundstoff der Festdamegearbeitet. Swarovskikristalle zieren den Bubikragen.<\/div>\n<div align=\"left\"><\/div>\n<div align=\"left\">\u00a0<strong>Trauermutter mit Bandlkinder &#8211; Weibliche Eleganz\u00a0\u00a0\u00a0\u00a0<\/strong><\/p>\n<table border=\"0\" width=\"348\" cellspacing=\"5\" cellpadding=\"5\" align=\"center\">\n<tbody>\n<tr>\n<td>\n<div align=\"center\"><a href=\"https:\/\/mode-franziska.de\/neu\/wp-content\/uploads\/2021\/09\/trauer_fahne1-1.jpg\"><img loading=\"lazy\" decoding=\"async\" class=\"alignnone wp-image-719 size-full\" src=\"https:\/\/mode-franziska.de\/neu\/wp-content\/uploads\/2021\/09\/thumb_trauer_fahne1.jpg\" alt=\"\" width=\"100\" height=\"150\" \/><\/a><\/div>\n<\/td>\n<td><a href=\"https:\/\/mode-franziska.de\/neu\/wp-content\/uploads\/2021\/09\/trauer_fahne2-1.jpg\"><img loading=\"lazy\" decoding=\"async\" class=\"alignnone wp-image-720 size-full\" src=\"https:\/\/mode-franziska.de\/neu\/wp-content\/uploads\/2021\/09\/thumb_trauer_fahne2.jpg\" alt=\"\" width=\"100\" height=\"150\" \/><\/a><\/td>\n<td><a href=\"https:\/\/mode-franziska.de\/neu\/wp-content\/uploads\/2021\/09\/trauer_fahne3-1.jpg\"><img loading=\"lazy\" decoding=\"async\" class=\"alignnone wp-image-721 size-full\" src=\"https:\/\/mode-franziska.de\/neu\/wp-content\/uploads\/2021\/09\/thumb_trauer_fahne3.jpg\" alt=\"\" width=\"100\" height=\"150\" \/><\/a><\/td>\n<td><a href=\"https:\/\/mode-franziska.de\/neu\/wp-content\/uploads\/2021\/09\/trauer_fahne4-1.jpg\"><img loading=\"lazy\" decoding=\"async\" class=\"alignnone wp-image-722 size-full\" src=\"https:\/\/mode-franziska.de\/neu\/wp-content\/uploads\/2021\/09\/thumb_trauer_fahne4.jpg\" alt=\"\" width=\"100\" height=\"150\" \/><\/a><\/td>\n<\/tr>\n<\/tbody>\n<\/table>\n<div align=\"left\"><span style=\"font-size: 8pt;\">Foto: Wieland<\/span><\/div>\n<div align=\"left\">Die Festdame tr\u00e4gt ein auf die Figur geschnittenes Modell aus bordeauxfarbenem Taft Changeant mit Carreeausschnitt. Das durchgeschnittene Kleid ist ab der H\u00fcfte deutlich ausgestellt. Ein reichlicher T\u00fcllunterbau betont noch die enorme Saumweite. Im Vorderteil unterstereichen asymmetrische Drapierungen aus Seidenmousseline die Eleganz des Festkleides. Schlicht gehaltene dreiviertellange Seiden\u00e4rmel vervollst\u00e4ndigen das Outfit.<br \/>\nDie Begleitm\u00e4dchen tragen ein \u00e4rmelloses Kleid aus dem gleichen Material wie die Festdame. Im Oberteil ist es k\u00f6rpernah geschnitten und zum Saum hin ebenfalls reichlich ausgestellt. Eine St\u00fctze aus T\u00fcll ergibt die schwingende Weite. Blickfang ist ein zartes Boleroj\u00e4ckchen aus reiner Seide. Die verspielten, kurzen \u00c4rmel und den Verschlu\u00df im Vordertei zieren dekorative R\u00f6schen.<\/div>\n<div align=\"left\"><\/div>\n<\/div>\n<div align=\"left\"><strong>Fahnenbegleitm\u00e4dchen \u201eRoyale\u201c junge Damen <\/strong><\/div>\n<div align=\"left\">\n<table border=\"0\" width=\"348\" cellspacing=\"5\" cellpadding=\"5\" align=\"center\">\n<tbody>\n<tr>\n<td>\n<div align=\"center\"><a href=\"https:\/\/mode-franziska.de\/neu\/wp-content\/uploads\/2021\/09\/begleit_fahne1.jpg\"><img loading=\"lazy\" decoding=\"async\" class=\"aligncenter\" src=\"https:\/\/mode-franziska.de\/neu\/wp-content\/uploads\/2021\/09\/thumb_begleit_fahne1.jpg\" alt=\"\" width=\"100\" height=\"150\" \/><\/a><\/div>\n<\/td>\n<td><a href=\"https:\/\/mode-franziska.de\/neu\/wp-content\/uploads\/2021\/09\/begleit_fahne2.jpg\"><img loading=\"lazy\" decoding=\"async\" class=\"aligncenter\" src=\"https:\/\/mode-franziska.de\/neu\/wp-content\/uploads\/2021\/09\/thumb_begleit_fahne2.jpg\" alt=\"\" width=\"100\" height=\"150\" \/><\/a><\/td>\n<td><a href=\"https:\/\/mode-franziska.de\/neu\/wp-content\/uploads\/2021\/09\/begleit_fahne3.jpg\"><img loading=\"lazy\" decoding=\"async\" class=\"aligncenter\" src=\"https:\/\/mode-franziska.de\/neu\/wp-content\/uploads\/2021\/09\/thumb_begleit_fahne3.jpg\" alt=\"\" width=\"150\" height=\"100\" \/><\/a><\/td>\n<\/tr>\n<\/tbody>\n<\/table>\n<div align=\"left\"><span style=\"font-size: 8pt;\">Foto: Wieland<\/span><\/div>\n<div align=\"left\">Sieben Teenis haben sich f\u00fcr ein Festkleid aus royalfarbigem Satin entschieden. Eine duftige Seidenblende fasst den herzf\u00f6rmigen Ausschnitt des figurbetonenden Oberteils ein. Der zweiteilige an der Schulternaht \u00fcberlappende \u00c4rmel ist mit blauer Seide stufig unterlegt. So ergibt sich ein interessanter Fl\u00fcgel\u00e4rmel. Zur optischen Streckung ist der bodenlange Rock in der Taille glatt angesetzt und in der vorderen Mitte tief gezogen. Die reichliche Saumweite unterst\u00fctzt ein Unterbau aus mehreren T\u00fclllagen.<br \/>\nAls schm\u00fcckende Accessoires tragen die jungen Damen Kuverttaschen und Stirnb\u00e4nder, die wie die Seidenblende am Ausschnitt mit royalblauen Strasssteinen verziert sind.<\/div>\n<\/div>\n<\/div>\n<div align=\"left\"><\/div>\n<div align=\"left\"><strong>Fahnenmutter mit Bandlkinder \u2013 \u00fcbereinstimmende Ma\u00dffertigung<\/strong><\/div>\n<table border=\"0\" width=\"348\" cellspacing=\"5\" cellpadding=\"5\" align=\"center\">\n<tbody>\n<tr>\n<td>\n<div align=\"center\"><a href=\"https:\/\/mode-franziska.de\/neu\/wp-content\/uploads\/2021\/09\/bandl_fahne1.jpg\"><img loading=\"lazy\" decoding=\"async\" class=\"alignnone wp-image-756 size-full\" src=\"https:\/\/mode-franziska.de\/neu\/wp-content\/uploads\/2021\/09\/thumb_bandl_fahne1.jpg\" alt=\"\" width=\"97\" height=\"150\" \/><\/a><\/div>\n<\/td>\n<td><a href=\"https:\/\/mode-franziska.de\/neu\/wp-content\/uploads\/2021\/09\/bandl_fahne2.jpg\"><img loading=\"lazy\" decoding=\"async\" class=\"alignnone wp-image-757 size-full\" src=\"https:\/\/mode-franziska.de\/neu\/wp-content\/uploads\/2021\/09\/thumb_bandl_fahne2.jpg\" alt=\"\" width=\"100\" height=\"150\" \/><\/a><\/td>\n<td><a href=\"https:\/\/mode-franziska.de\/neu\/wp-content\/uploads\/2021\/09\/bandl_fahne3.jpg\"><img loading=\"lazy\" decoding=\"async\" class=\"alignnone wp-image-758 size-full\" src=\"https:\/\/mode-franziska.de\/neu\/wp-content\/uploads\/2021\/09\/thumb_bandl_fahne3.jpg\" alt=\"\" width=\"97\" height=\"150\" \/><\/a><\/td>\n<\/tr>\n<\/tbody>\n<\/table>\n<div align=\"left\"><span style=\"font-size: 8pt;\">Foto: K\u00f6keny\/Privat\/K\u00f6keny<\/span><\/div>\n<div align=\"left\">Die Fahnenmutter tr\u00e4gt ein schlicht geschnittenes k\u00f6nigsblaues Satinkleid mit ansprechendem Herzausschnitt. Ein\u00a0 interessantes Detail sind die im gleichen Farbton gehaltene, aber gemusterte hoch eingesetzten Godets, die eine \u00fcppig schwingende Rockweite ergeben und somit nicht durch einen Reifunterrock unterst\u00fctzt werden muss. Die Form der Godets wiederholt sich bei der Reihung der Keulen\u00e4rmel. Die Bandlkinder tragen ein Festkleid, bei dem der \u00dcberrock, die Fl\u00fcgerl\u00e4rmel und das Oberteil aus dem gleichen Material wie die Godets der Fahnenmutter sind. Die Puff\u00e4rmel, das in schmalen Falten abgesteppte Mittelteil und der Grundrock bestehen aus dem k\u00f6nigsblauen Grundstoff der Festdame. Absichtlich wird die Rockl\u00e4nge der M\u00e4dchen auf Festkleidl\u00e4nge abgestimmt, damit sie sich an diesem besonderen Tag so nat\u00fcrlich wie m\u00f6glich bewegen k\u00f6nnen. Beide Bandlkinder bekamen au\u00dferdem von der Fahnenmutter eine Barbiepuppe mit identischen gefertigten blauen Festtagskleidern als Geschenk.<\/div>\n","protected":false},"excerpt":{"rendered":"<p>Mit ma\u00dfgeschneiderten Modellen zeigen Sie bei Fahnenweihen f\u00fcr die Festdame und die Bandlkinder Eleganz und Tradition in einer Harmonie. Patenbraut beim Sch\u00fctzenfest Foto: privat Dieses Corsagenkleid aus hochrotem Cr\u00eape Satin zieht durch seine figurbetonende Fishtaillinie und dezentem silbernen Strassbesatz alle Blicke auf sich. In die rechte Teilungsnaht ist vom Saum bis zur H\u00fcfte ein transparentes [&hellip;]<\/p>\n","protected":false},"author":1,"featured_media":131,"parent":0,"menu_order":35,"comment_status":"closed","ping_status":"closed","template":"","meta":{"_et_pb_use_builder":"","_et_pb_old_content":"","_et_gb_content_width":"793","footnotes":""},"class_list":["post-159","page","type-page","status-publish","has-post-thumbnail","hentry"],"_links":{"self":[{"href":"https:\/\/mode-franziska.de\/neu\/wp-json\/wp\/v2\/pages\/159","targetHints":{"allow":["GET"]}}],"collection":[{"href":"https:\/\/mode-franziska.de\/neu\/wp-json\/wp\/v2\/pages"}],"about":[{"href":"https:\/\/mode-franziska.de\/neu\/wp-json\/wp\/v2\/types\/page"}],"author":[{"embeddable":true,"href":"https:\/\/mode-franziska.de\/neu\/wp-json\/wp\/v2\/users\/1"}],"replies":[{"embeddable":true,"href":"https:\/\/mode-franziska.de\/neu\/wp-json\/wp\/v2\/comments?post=159"}],"version-history":[{"count":10,"href":"https:\/\/mode-franziska.de\/neu\/wp-json\/wp\/v2\/pages\/159\/revisions"}],"predecessor-version":[{"id":768,"href":"https:\/\/mode-franziska.de\/neu\/wp-json\/wp\/v2\/pages\/159\/revisions\/768"}],"wp:featuredmedia":[{"embeddable":true,"href":"https:\/\/mode-franziska.de\/neu\/wp-json\/wp\/v2\/media\/131"}],"wp:attachment":[{"href":"https:\/\/mode-franziska.de\/neu\/wp-json\/wp\/v2\/media?parent=159"}],"curies":[{"name":"wp","href":"https:\/\/api.w.org\/{rel}","templated":true}]}}