{"id":174,"date":"2008-03-08T22:44:58","date_gmt":"2008-03-08T21:44:58","guid":{"rendered":"https:\/\/mode-franziska.de\/neu\/ueber-mich\/"},"modified":"2021-09-13T08:47:01","modified_gmt":"2021-09-13T06:47:01","slug":"ueber-mich","status":"publish","type":"page","link":"https:\/\/mode-franziska.de\/neu\/","title":{"rendered":"Home"},"content":{"rendered":"<p><a title=\"mode Franziska bei Facebook\" href=\"https:\/\/www.facebook.com\/Ma%C3%9Fmode-Franziska-174333582615235\/?timeline_context_item_type=intro_card_work&amp;timeline_context_item_source=100002133108683&amp;pnref=lhc\" target=\"_blank\" rel=\"noopener\"><br \/>\n<img loading=\"lazy\" decoding=\"async\" class=\" size-full wp-image-172\" title=\"Franziska Sch\u00fctzeneder auf Facebook\" src=\"https:\/\/mode-franziska.de\/neu\/wp-content\/uploads\/2008\/03\/FB-FindUsonFacebook-online.png\" alt=\"Franziska Sch\u00fctzeneder auf Facebook\" width=\"72\" height=\"13\" hspace=\"5\" vspace=\"5\" \/><\/a><\/p>\n<p align=\"left\"><a href=\"https:\/\/mode-franziska.de\/neu\/wp-content\/uploads\/2021\/09\/dscf0635.jpg\" rel=\"noopener\"><img loading=\"lazy\" decoding=\"async\" class=\"alignleft wp-image-173 size-full\" title=\"Franziska Sch\u00fctzeneder\" src=\"https:\/\/mode-franziska.de\/neu\/wp-content\/uploads\/2008\/03\/thumb_start.jpg\" alt=\"Franziska Sch\u00fctzeneder\" width=\"101\" height=\"150\" align=\"left\" border=\"0\" hspace=\"5\" vspace=\"5\" \/><\/a>Gr\u00fc\u00df Gott liebe Besucher, mein Name ist Franziska Sch\u00fctzeneder; mit Leib und Seele bin ich Schneidermeisterin. Ich fertige Ma\u00dfmode mit Stil und Liebe zum Detail f\u00fcr meine Kunden. Aufgrund meiner fundierten, handwerklichen Schneiderausbildung bin ich bestens qualifiziert<strong> DAMEN, HERREN<\/strong> <strong>und KINDER<\/strong> <strong>mit schicker und eleganter Ma\u00dfmode f\u00fcr jeden Anlass auszustatten. <\/strong><\/p>\n<p align=\"left\">Mein Schneideratelier befindet sich in Simbach am Inn, Ortsteil Erlach, im Landkreis Rottal\/Inn. Ich helfe Ihnen gerne bei der Stoff- und Farbauswahl und erarbeite ein typgerechtes und passgenaues Modell f\u00fcr Sie. Auf Ihren Besuch in meinem Schneideratelier freue ich mich und verspreche Ihnen, dass Sie mein Atelier zufrieden verlassen werden &#8211; genau mit dem Outfit, das Sie sich gew\u00fcnscht haben.<\/p>\n<p align=\"left\">Ihre<strong><br \/>\n<\/strong><strong>Franziska Sch\u00fctzeneder<\/strong><\/p>\n","protected":false},"excerpt":{"rendered":"<p>Gr\u00fc\u00df Gott liebe Besucher, mein Name ist Franziska Sch\u00fctzeneder; mit Leib und Seele bin ich Schneidermeisterin. Ich fertige Ma\u00dfmode mit Stil und Liebe zum Detail f\u00fcr meine Kunden. Aufgrund meiner fundierten, handwerklichen Schneiderausbildung bin ich bestens qualifiziert DAMEN, HERREN und KINDER mit schicker und eleganter Ma\u00dfmode f\u00fcr jeden Anlass auszustatten. Mein Schneideratelier befindet sich in [&hellip;]<\/p>\n","protected":false},"author":1,"featured_media":172,"parent":0,"menu_order":29,"comment_status":"closed","ping_status":"closed","template":"","meta":{"_et_pb_use_builder":"off","_et_pb_old_content":"<a href=\"https:\/\/www.facebook.com\/Ma%C3%9Fmode-Franziska-174333582615235\/?timeline_context_item_type=intro_card_work&amp;timeline_context_item_source=100002133108683&amp;pnref=lhc\" target=\"_blank\" title=\"mode Franziska bei Facebook\" rel=\"noopener\">\n<img class=\" size-full wp-image-172\" src=\"https:\/\/mode-franziska.de\/neu\/wp-content\/uploads\/2008\/03\/FB-FindUsonFacebook-online.png\" alt=\"Franziska Sch\u00fctzeneder auf Facebook\" title=\"Franziska Sch\u00fctzeneder auf Facebook\" width=\"72\" vspace=\"5\" hspace=\"5\" height=\"13\"><\/a>\n<p align=\"left\"> <a href=\"index2.php?option=com_jce&amp;task=popup\" target=\"PopupImage\" onclick=\"window.open(this.href+'&amp;img=images\/stories\/Home\/start.jpg&amp;title=Franziska_Sch\u00fctzeneder&amp;w=402&amp;h=600&amp;mode=0&amp;print=0&amp;click=0','Franziska_Sch\u00fctzeneder','height=600,width=402,top=212,left=439,scrollbars=no,resizable=no');return false;\" rel=\"noopener\"><img class=\" alignleft size-full wp-image-173\" src=\"https:\/\/mode-franziska.de\/neu\/wp-content\/uploads\/2008\/03\/thumb_start.jpg\" alt=\"Franziska Sch\u00fctzeneder\" title=\"Franziska Sch\u00fctzeneder\" width=\"101\" vspace=\"5\" hspace=\"5\" height=\"150\" border=\"0\" align=\"left\"><\/a>Gr\u00fc\u00df Gott liebe Besucher,  mein Name ist Franziska Sch\u00fctzeneder; mit Leib und Seele bin ich Schneidermeisterin. Ich fertige Ma\u00dfmode mit Stil und Liebe zum Detail f\u00fcr meine Kunden. Aufgrund meiner fundierten, handwerklichen Schneiderausbildung bin ich bestens qualifiziert<strong> DAMEN, HERREN<\/strong> <strong>und KINDER<\/strong> <strong>mit schicker und eleganter Ma\u00dfmode f\u00fcr jeden Anlass auszustatten. <\/strong><\/p>\n<p align=\"left\"> Mein Schneideratelier befindet sich in Simbach am Inn, Ortsteil Erlach, im Landkreis Rottal\/Inn. Ich helfe Ihnen gerne bei der Stoff- und Farbauswahl und erarbeite ein typgerechtes und passgenaues Modell f\u00fcr Sie.  Auf Ihren Besuch in meinem Schneideratelier freue ich mich und verspreche Ihnen, dass Sie mein Atelier zufrieden verlassen werden - genau mit dem Outfit, das Sie sich gew\u00fcnscht haben.&nbsp;<\/p>\n<p align=\"left\"> Ihre<strong>\n<\/strong><strong>Franziska Sch\u00fctzeneder<\/strong><\/p>","_et_gb_content_width":"793","footnotes":""},"class_list":["post-174","page","type-page","status-publish","has-post-thumbnail","hentry"],"_links":{"self":[{"href":"https:\/\/mode-franziska.de\/neu\/wp-json\/wp\/v2\/pages\/174","targetHints":{"allow":["GET"]}}],"collection":[{"href":"https:\/\/mode-franziska.de\/neu\/wp-json\/wp\/v2\/pages"}],"about":[{"href":"https:\/\/mode-franziska.de\/neu\/wp-json\/wp\/v2\/types\/page"}],"author":[{"embeddable":true,"href":"https:\/\/mode-franziska.de\/neu\/wp-json\/wp\/v2\/users\/1"}],"replies":[{"embeddable":true,"href":"https:\/\/mode-franziska.de\/neu\/wp-json\/wp\/v2\/comments?post=174"}],"version-history":[{"count":8,"href":"https:\/\/mode-franziska.de\/neu\/wp-json\/wp\/v2\/pages\/174\/revisions"}],"predecessor-version":[{"id":582,"href":"https:\/\/mode-franziska.de\/neu\/wp-json\/wp\/v2\/pages\/174\/revisions\/582"}],"wp:featuredmedia":[{"embeddable":true,"href":"https:\/\/mode-franziska.de\/neu\/wp-json\/wp\/v2\/media\/172"}],"wp:attachment":[{"href":"https:\/\/mode-franziska.de\/neu\/wp-json\/wp\/v2\/media?parent=174"}],"curies":[{"name":"wp","href":"https:\/\/api.w.org\/{rel}","templated":true}]}}

<p><a title="mode Franziska bei Facebook" href="https://www.facebook.com/Ma%C3%9Fmode-Franziska-174333582615235/?timeline_context_item_type=intro_card_work&amp;timeline_context_item_source=100002133108683&amp;pnref=lhc" target="_blank" rel="noopener"><br />
<img loading="lazy" decoding="async" class=" size-full wp-image-172" title="Franziska Schützeneder auf Facebook" src="https://mode-franziska.de/neu/wp-content/uploads/2008/03/FB-FindUsonFacebook-online.png" alt="Franziska Schützeneder auf Facebook" width="72" height="13" hspace="5" vspace="5" /></a></p>
<p align="left"><a href="https://mode-franziska.de/neu/wp-content/uploads/2021/09/dscf0635.jpg" rel="noopener"><img loading="lazy" decoding="async" class="alignleft wp-image-173 size-full" title="Franziska Schützeneder" src="https://mode-franziska.de/neu/wp-content/uploads/2008/03/thumb_start.jpg" alt="Franziska Schützeneder" width="101" height="150" align="left" border="0" hspace="5" vspace="5" /></a>Grüß Gott liebe Besucher, mein Name ist Franziska Schützeneder; mit Leib und Seele bin ich Schneidermeisterin. Ich fertige Maßmode mit Stil und Liebe zum Detail für meine Kunden. Aufgrund meiner fundierten, handwerklichen Schneiderausbildung bin ich bestens qualifiziert<strong> DAMEN, HERREN</strong> <strong>und KINDER</strong> <strong>mit schicker und eleganter Maßmode für jeden Anlass auszustatten. </strong></p>
<p align="left">Mein Schneideratelier befindet sich in Simbach am Inn, Ortsteil Erlach, im Landkreis Rottal/Inn. Ich helfe Ihnen gerne bei der Stoff- und Farbauswahl und erarbeite ein typgerechtes und passgenaues Modell für Sie. Auf Ihren Besuch in meinem Schneideratelier freue ich mich und verspreche Ihnen, dass Sie mein Atelier zufrieden verlassen werden &#8211; genau mit dem Outfit, das Sie sich gewünscht haben.</p>
<p align="left">Ihre<strong><br />
</strong><strong>Franziska Schützeneder</strong></p>

<p>Grüß Gott liebe Besucher, mein Name ist Franziska Schützeneder; mit Leib und Seele bin ich Schneidermeisterin. Ich fertige Maßmode mit Stil und Liebe zum Detail für meine Kunden. Aufgrund meiner fundierten, handwerklichen Schneiderausbildung bin ich bestens qualifiziert DAMEN, HERREN und KINDER mit schicker und eleganter Maßmode für jeden Anlass auszustatten. Mein Schneideratelier befindet sich in [&hellip;]</p>

<a href="https://www.facebook.com/Ma%C3%9Fmode-Franziska-174333582615235/?timeline_context_item_type=intro_card_work&amp;timeline_context_item_source=100002133108683&amp;pnref=lhc" target="_blank" title="mode Franziska bei Facebook" rel="noopener">
<img class=" size-full wp-image-172" src="https://mode-franziska.de/neu/wp-content/uploads/2008/03/FB-FindUsonFacebook-online.png" alt="Franziska Schützeneder auf Facebook" title="Franziska Schützeneder auf Facebook" width="72" vspace="5" hspace="5" height="13"></a>
<p align="left"> <a href="index2.php?option=com_jce&amp;task=popup" target="PopupImage" onclick="window.open(this.href+'&amp;img=images/stories/Home/start.jpg&amp;title=Franziska_Schützeneder&amp;w=402&amp;h=600&amp;mode=0&amp;print=0&amp;click=0','Franziska_Schützeneder','height=600,width=402,top=212,left=439,scrollbars=no,resizable=no');return false;" rel="noopener"><img class=" alignleft size-full wp-image-173" src="https://mode-franziska.de/neu/wp-content/uploads/2008/03/thumb_start.jpg" alt="Franziska Schützeneder" title="Franziska Schützeneder" width="101" vspace="5" hspace="5" height="150" border="0" align="left"></a>Grüß Gott liebe Besucher,  mein Name ist Franziska Schützeneder; mit Leib und Seele bin ich Schneidermeisterin. Ich fertige Maßmode mit Stil und Liebe zum Detail für meine Kunden. Aufgrund meiner fundierten, handwerklichen Schneiderausbildung bin ich bestens qualifiziert<strong> DAMEN, HERREN</strong> <strong>und KINDER</strong> <strong>mit schicker und eleganter Maßmode für jeden Anlass auszustatten. </strong></p>
<p align="left"> Mein Schneideratelier befindet sich in Simbach am Inn, Ortsteil Erlach, im Landkreis Rottal/Inn. Ich helfe Ihnen gerne bei der Stoff- und Farbauswahl und erarbeite ein typgerechtes und passgenaues Modell für Sie.  Auf Ihren Besuch in meinem Schneideratelier freue ich mich und verspreche Ihnen, dass Sie mein Atelier zufrieden verlassen werden - genau mit dem Outfit, das Sie sich gewünscht haben.&nbsp;</p>
<p align="left"> Ihre<strong>
</strong><strong>Franziska Schützeneder</strong></p>
