{"id":182,"date":"2008-03-13T13:26:04","date_gmt":"2008-03-13T12:26:04","guid":{"rendered":"https:\/\/mode-franziska.de\/neu\/businessmode\/"},"modified":"2021-09-13T16:37:54","modified_gmt":"2021-09-13T14:37:54","slug":"businessmode","status":"publish","type":"page","link":"https:\/\/mode-franziska.de\/neu\/businessmode\/","title":{"rendered":"Businessmode"},"content":{"rendered":"<div align=\"left\">Mit klassischer Modellf\u00fchrung unterstreichen Sie Ihren Stil und Pers\u00f6nlichkeit bei Ihrem gesch\u00e4ftlichen Auftreten.<\/div>\n<div><strong>Abwechslungsreiche Businessmode<\/strong><\/div>\n<table border=\"0\" width=\"348\" cellspacing=\"5\" cellpadding=\"5\" align=\"center\">\n<tbody>\n<tr>\n<td>\n<div align=\"center\"><a class=\"jcebox\" title=\"Abwechslungsreiche Businessmode\" href=\"http:\/\/www.mode-franziska.de\/atelier\/images\/stories\/Businessmode3\/business1.jpg\" rel=\"Businessmode3\"><img decoding=\"async\" src=\"http:\/\/www.mode-franziska.de\/atelier\/images\/stories\/Businessmode3\/thumbnails\/thumb_business1.jpg\" alt=\"\" border=\"0\" \/><\/a><\/div>\n<\/td>\n<td><a class=\"jcebox\" title=\"Abwechslungsreiche Businessmode\" href=\"http:\/\/www.mode-franziska.de\/atelier\/images\/stories\/Businessmode3\/business2.jpg\" rel=\"Businessmode3\"><img decoding=\"async\" src=\"http:\/\/www.mode-franziska.de\/atelier\/images\/stories\/Businessmode3\/thumbnails\/thumb_business2.jpg\" alt=\"\" border=\"0\" \/><\/a><\/td>\n<td><a class=\"jcebox\" title=\"Abwechslungsreiche Businessmode\" href=\"http:\/\/www.mode-franziska.de\/atelier\/images\/stories\/Businessmode3\/business3.jpg\" rel=\"Businessmode3\"><img decoding=\"async\" src=\"http:\/\/www.mode-franziska.de\/atelier\/images\/stories\/Businessmode3\/thumbnails\/thumb_business3.jpg\" alt=\"\" border=\"0\" \/><\/a><\/td>\n<\/tr>\n<\/tbody>\n<\/table>\n<div align=\"left\"><span style=\"font-size: 8pt;\">Foto: Monika Vitzthum<\/span><\/div>\n<div align=\"left\">Zu dem ausgestellten, knielangen Jersey-Kleid mit gereihtem Brustteil und breiten Tr\u00e4gern lassen sich wunderbar die drei folgenden Jackenformen aus Viscose Bi-Stretch in den Farben Blau und Schwarz kombinieren:<\/div>\n<div align=\"left\">Eine \u00a0taillenkurze Schalkragenjacke mit verst\u00fcrztem Bindeband, das sowohl f\u00fcr die Wickeloptik im R\u00fccken, \u00a0als auch im Vorderteil zu knoten ist.<\/div>\n<div align=\"left\">Eine \u00a0h\u00fcftlange Jacke mit langen, engen \u00c4rmeln, schmalem Oberteil und in der Taille ein mit Falten angesetzter Scho\u00dfteil. \u00a0Die vordere Blende besteht aus einer breiten, verst\u00fcrzten \u00a0Stoffbahn.<\/div>\n<div align=\"left\">Eine \u00a0Longjacke mit ebenfalls \u00a0langen \u00c4rmeln, breiten, verst\u00fcrzten Frontstreifen, sowie leicht ausgestellten Jackenteilen. Zu binden ist diese Jacke \u00a0sowohl \u00a0im R\u00fccken als auch vorne mit einem an der Taille angesetzten Stoffband.<\/div>\n<div align=\"left\"><span style=\"letter-spacing: 0.04em; text-align: center;\">\u00a0<\/span><\/div>\n<div align=\"left\"><strong><br \/>\nKlassischer Hosenanzug \u2013 schlicht und elegant<\/strong><\/div>\n<table border=\"0\" width=\"348\" cellspacing=\"5\" cellpadding=\"5\" align=\"center\">\n<tbody>\n<tr>\n<td>\n<div align=\"center\"><a class=\"jcebox\" title=\"Klassischer Hosenanzug \u2013 schlicht und elegant\" href=\"http:\/\/www.mode-franziska.de\/atelier\/images\/stories\/Businessmode\/anzug.jpg\" rel=\"Businessmode\"><img decoding=\"async\" src=\"http:\/\/www.mode-franziska.de\/atelier\/images\/stories\/Businessmode\/thumbnails\/thumb_anzug.jpg\" alt=\"\" border=\"0\" \/><\/a><\/div>\n<\/td>\n<td><a class=\"jcebox\" title=\"Klassischer Hosenanzug \u2013 schlicht und elegant\" href=\"http:\/\/www.mode-franziska.de\/atelier\/images\/stories\/Businessmode\/anzug-3.jpg\" rel=\"Businessmode\"><img decoding=\"async\" src=\"http:\/\/www.mode-franziska.de\/atelier\/images\/stories\/Businessmode\/thumbnails\/thumb_anzug-3.jpg\" alt=\"\" border=\"0\" \/><\/a><\/td>\n<td><a class=\"jcebox\" title=\"Klassischer Hosenanzug \u2013 schlicht und elegant\" href=\"http:\/\/www.mode-franziska.de\/atelier\/images\/stories\/Businessmode\/anzug-2.jpg\" rel=\"Businessmode\"><img decoding=\"async\" src=\"http:\/\/www.mode-franziska.de\/atelier\/images\/stories\/Businessmode\/thumbnails\/thumb_anzug-2.jpg\" alt=\"\" border=\"0\" \/><\/a><\/td>\n<\/tr>\n<tr>\n<td><a class=\"jcebox\" title=\"Klassischer Hosenanzug \u2013 schlicht und elegant\" href=\"http:\/\/www.mode-franziska.de\/atelier\/images\/stories\/Businessmode\/anzug-5.jpg\" rel=\"Businessmode\"><img loading=\"lazy\" decoding=\"async\" class=\"aligncenter\" src=\"http:\/\/www.mode-franziska.de\/atelier\/images\/stories\/Businessmode\/thumbnails\/thumb_anzug-5.jpg\" alt=\"\" width=\"101\" height=\"150\" border=\"0\" \/><\/a><\/td>\n<td><a class=\"jcebox\" title=\"Klassischer Hosenanzug \u2013 schlicht und elegant\" href=\"http:\/\/www.mode-franziska.de\/atelier\/images\/stories\/Businessmode\/anzug-4.jpg\" rel=\"Businessmode\"><img decoding=\"async\" src=\"http:\/\/www.mode-franziska.de\/atelier\/images\/stories\/Businessmode\/thumbnails\/thumb_anzug-4.jpg\" alt=\"\" border=\"0\" \/><\/a><\/td>\n<td><a class=\"jcebox\" title=\"Klassischer Hosenanzug \u2013 schlicht und elegant\" href=\"http:\/\/www.mode-franziska.de\/atelier\/images\/stories\/Businessmode\/anzug-6.jpg\" rel=\"Businessmode\"><img decoding=\"async\" src=\"http:\/\/www.mode-franziska.de\/atelier\/images\/stories\/Businessmode\/thumbnails\/thumb_anzug-6.jpg\" alt=\"\" border=\"0\" \/><\/a><\/td>\n<\/tr>\n<\/tbody>\n<\/table>\n<div align=\"left\"><span style=\"font-size: 8pt;\">Foto: Monika Vitzthum\u00a0<\/span><\/div>\n<div align=\"left\">Der zeitlose Schnitt des tailliert geschnittenen Blazers mit brusttiefem Revers und die gerade fallende Hose eignen sich als Outfit f\u00fcr viele Gelegenheiten. Ein interessanter Blickfang des Oberteils sind jeweils zwei \u00fcbereinandergesetzte Pattentaschen. Der Anzug gewinnt noch durch die exklusive Stoffwahl \u2013 Crepe Satin.\u00a0 Eine pfiffige Umh\u00e4ngetasche aus dem gleichen Material, dessen Tr\u00e4ger bewusst mit der gl\u00e4nzenden Seite des Satins verst\u00fcrzt ist, vervollst\u00e4ndigt das adrette Erscheinungsbild. Unter dem Blazer tr\u00e4gt die Kundin eine flotte Wickelbluse aus t\u00fcrkis und dunkelblauem Jersey im Paisly-Muster. Wahlweise kann statt der Hose auch ein knapp \u00fcber dem Knie geschnittener Rock aus dem gleichen Material getragen werden.<\/div>\n<div align=\"left\"><\/div>\n<div align=\"left\">\n<div align=\"left\"><strong>Vielseitiges Kost\u00fcm &#8211; Das Modell bezaubert durch seine Einfachheit<\/strong><a title=\"Kofferkleid\" name=\"Kofferkleid\"><\/a><br \/>\n<strong><br \/>\n<\/strong><\/div>\n<table border=\"0\" width=\"348\" cellspacing=\"5\" cellpadding=\"5\" align=\"center\">\n<tbody>\n<tr>\n<td>\n<div align=\"center\"><a class=\"jcebox\" title=\"Vielseitiges Kost\u00fcm - Das Modell bezaubert durch seine Einfachheit\" href=\"http:\/\/www.mode-franziska.de\/atelier\/images\/stories\/Businessmode2\/koffer.jpg\" rel=\"Businessmode2\"><img decoding=\"async\" src=\"http:\/\/www.mode-franziska.de\/atelier\/images\/stories\/Businessmode2\/thumbnails\/thumb_koffer.jpg\" alt=\"\" border=\"0\" \/><\/a><\/div>\n<\/td>\n<td><a class=\"jcebox\" title=\"Vielseitiges Kost\u00fcm - Das Modell bezaubert durch seine Einfachheit\" href=\"http:\/\/www.mode-franziska.de\/atelier\/images\/stories\/Businessmode2\/koffer-2.jpg\" rel=\"Businessmode2\"><img decoding=\"async\" src=\"http:\/\/www.mode-franziska.de\/atelier\/images\/stories\/Businessmode2\/thumbnails\/thumb_koffer-2.jpg\" alt=\"\" border=\"0\" \/><\/a><\/td>\n<td><a class=\"jcebox\" title=\"Vielseitiges Kost\u00fcm - Das Modell bezaubert durch seine Einfachheit\" href=\"http:\/\/www.mode-franziska.de\/atelier\/images\/stories\/Businessmode2\/koffer-3.jpg\" rel=\"Businessmode2\"><img decoding=\"async\" src=\"http:\/\/www.mode-franziska.de\/atelier\/images\/stories\/Businessmode2\/thumbnails\/thumb_koffer-3.jpg\" alt=\"\" border=\"0\" \/><\/a><\/td>\n<\/tr>\n<\/tbody>\n<\/table>\n<div align=\"left\"><span style=\"font-size: 8pt;\"><br \/>\nFoto: Monika Vitzthum<\/span><\/div>\n<p>Der klassisch geschnittene Blazer aus cognacfarbenem Bouclewollstoff ist am schmalen Revers mit gleichfarbigem Satinstoff und mit schm\u00fcckendem, materialgleichem Biesenband verst\u00fcrzt. Der Blazer kann mit zwei passenden schmalen R\u00f6cken, einer aus dem Bouclewollstoff und der andere aus Satin, zu einem variablen Kost\u00fcm kombiniert werden. Ein cognacfarbiges, tailliertes Satintop mit halsnahem Ausschnitt komplettiert dieses Ensemble. Zu einem eleganten Abendauftritt tr\u00e4gt die Dame einen weit ausgestellten langen Satinrock mit passender Spitzenstola.<\/p>\n<\/div>\n","protected":false},"excerpt":{"rendered":"<p>Mit klassischer Modellf\u00fchrung unterstreichen Sie Ihren Stil und Pers\u00f6nlichkeit bei Ihrem gesch\u00e4ftlichen Auftreten. Abwechslungsreiche Businessmode Foto: Monika Vitzthum Zu dem ausgestellten, knielangen Jersey-Kleid mit gereihtem Brustteil und breiten Tr\u00e4gern lassen sich wunderbar die drei folgenden Jackenformen aus Viscose Bi-Stretch in den Farben Blau und Schwarz kombinieren: Eine \u00a0taillenkurze Schalkragenjacke mit verst\u00fcrztem Bindeband, das sowohl f\u00fcr [&hellip;]<\/p>\n","protected":false},"author":1,"featured_media":0,"parent":0,"menu_order":26,"comment_status":"closed","ping_status":"closed","template":"","meta":{"_et_pb_use_builder":"off","_et_pb_old_content":"<div align=\"left\">Mit klassischer Modellf\u00fchrung unterstreichen Sie Ihren Stil und Pers\u00f6nlichkeit bei Ihrem gesch\u00e4ftlichen Auftreten.<\/div>\n<div><strong>Abwechslungsreiche Businessmode<\/strong><\/div>\n<table width=\"348\" cellspacing=\"5\" cellpadding=\"5\" border=\"0\" align=\"center\">\n<tbody>\n<tr>\n<td>\n<div align=\"center\"><a class=\"jcebox\" title=\"Abwechslungsreiche Businessmode\" href=\"http:\/\/www.mode-franziska.de\/atelier\/images\/stories\/Businessmode3\/business1.jpg\" rel=\"Businessmode3\"><img src=\"http:\/\/www.mode-franziska.de\/atelier\/images\/stories\/Businessmode3\/thumbnails\/thumb_business1.jpg\" alt=\"\" border=\"0\"><\/a><\/div><\/td>\n<td><a class=\"jcebox\" title=\"Abwechslungsreiche Businessmode\" href=\"http:\/\/www.mode-franziska.de\/atelier\/images\/stories\/Businessmode3\/business2.jpg\" rel=\"Businessmode3\"><img src=\"http:\/\/www.mode-franziska.de\/atelier\/images\/stories\/Businessmode3\/thumbnails\/thumb_business2.jpg\" alt=\"\" border=\"0\"><\/a><\/td>\n<td><a class=\"jcebox\" title=\"Abwechslungsreiche Businessmode\" href=\"http:\/\/www.mode-franziska.de\/atelier\/images\/stories\/Businessmode3\/business3.jpg\" rel=\"Businessmode3\"><img src=\"http:\/\/www.mode-franziska.de\/atelier\/images\/stories\/Businessmode3\/thumbnails\/thumb_business3.jpg\" alt=\"\" border=\"0\"><\/a><\/td>\n<\/tr>\n<\/tbody>\n<\/table>\n<div align=\"left\"><span style=\"font-size: 8pt;\">Foto: Monika Vitzthum<\/span><\/div>\n<div align=\"left\">Zu dem ausgestellten, knielangen Jersey-Kleid mit gereihtem Brustteil und breiten Tr\u00e4gern lassen sich wunderbar die drei folgenden Jackenformen aus Viscose Bi-Stretch in den Farben Blau und Schwarz kombinieren:<\/div>\n<div align=\"left\">Eine &nbsp;taillenkurze Schalkragenjacke mit verst\u00fcrztem Bindeband, das sowohl f\u00fcr die Wickeloptik im R\u00fccken, &nbsp;als auch im Vorderteil zu knoten ist.<\/div>\n<div align=\"left\">Eine &nbsp;h\u00fcftlange Jacke mit langen, engen \u00c4rmeln, schmalem Oberteil und in der Taille ein mit Falten angesetzter Scho\u00dfteil. &nbsp;Die vordere Blende besteht aus einer breiten, verst\u00fcrzten &nbsp;Stoffbahn.<\/div>\n<div align=\"left\">Eine &nbsp;Longjacke mit ebenfalls &nbsp;langen \u00c4rmeln, breiten, verst\u00fcrzten Frontstreifen, sowie leicht ausgestellten Jackenteilen. Zu binden ist diese Jacke &nbsp;sowohl &nbsp;im R\u00fccken als auch vorne mit einem an der Taille angesetzten Stoffband.<\/div>\n<div align=\"left\"><span style=\"letter-spacing: 0.04em; text-align: center;\">&nbsp;<\/span><\/div>\n<div align=\"left\"><strong>\nKlassischer Hosenanzug \u2013 schlicht und elegant<\/strong><\/div>\n<table width=\"348\" cellspacing=\"5\" cellpadding=\"5\" border=\"0\" align=\"center\">\n<tbody>\n<tr>\n<td>\n<div align=\"center\"><a class=\"jcebox\" title=\"Klassischer Hosenanzug \u2013 schlicht und elegant\" href=\"http:\/\/www.mode-franziska.de\/atelier\/images\/stories\/Businessmode\/anzug.jpg\" rel=\"Businessmode\"><img src=\"http:\/\/www.mode-franziska.de\/atelier\/images\/stories\/Businessmode\/thumbnails\/thumb_anzug.jpg\" alt=\"\" border=\"0\"><\/a><\/div><\/td>\n<td><a class=\"jcebox\" title=\"Klassischer Hosenanzug \u2013 schlicht und elegant\" href=\"http:\/\/www.mode-franziska.de\/atelier\/images\/stories\/Businessmode\/anzug-3.jpg\" rel=\"Businessmode\"><img src=\"http:\/\/www.mode-franziska.de\/atelier\/images\/stories\/Businessmode\/thumbnails\/thumb_anzug-3.jpg\" alt=\"\" border=\"0\"><\/a><\/td>\n<td><a class=\"jcebox\" title=\"Klassischer Hosenanzug \u2013 schlicht und elegant\" href=\"http:\/\/www.mode-franziska.de\/atelier\/images\/stories\/Businessmode\/anzug-2.jpg\" rel=\"Businessmode\"><img src=\"http:\/\/www.mode-franziska.de\/atelier\/images\/stories\/Businessmode\/thumbnails\/thumb_anzug-2.jpg\" alt=\"\" border=\"0\"><\/a><\/td>\n<\/tr>\n<tr>\n<td><a class=\"jcebox\" title=\"Klassischer Hosenanzug \u2013 schlicht und elegant\" href=\"http:\/\/www.mode-franziska.de\/atelier\/images\/stories\/Businessmode\/anzug-5.jpg\" rel=\"Businessmode\"><img src=\"http:\/\/www.mode-franziska.de\/atelier\/images\/stories\/Businessmode\/thumbnails\/thumb_anzug-5.jpg\" alt=\"\" border=\"0\"><\/a><\/td>\n<td><a class=\"jcebox\" title=\"Klassischer Hosenanzug \u2013 schlicht und elegant\" href=\"http:\/\/www.mode-franziska.de\/atelier\/images\/stories\/Businessmode\/anzug-4.jpg\" rel=\"Businessmode\"><img src=\"http:\/\/www.mode-franziska.de\/atelier\/images\/stories\/Businessmode\/thumbnails\/thumb_anzug-4.jpg\" alt=\"\" border=\"0\"><\/a><\/td>\n<td><a class=\"jcebox\" title=\"Klassischer Hosenanzug \u2013 schlicht und elegant\" href=\"http:\/\/www.mode-franziska.de\/atelier\/images\/stories\/Businessmode\/anzug-6.jpg\" rel=\"Businessmode\"><img src=\"http:\/\/www.mode-franziska.de\/atelier\/images\/stories\/Businessmode\/thumbnails\/thumb_anzug-6.jpg\" alt=\"\" border=\"0\"><\/a><\/td>\n<\/tr>\n<\/tbody>\n<\/table>\n<div align=\"left\"><span style=\"font-size: 8pt;\">Foto: Monika Vitzthum&nbsp;<\/span><\/div>\n<div align=\"left\">Der zeitlose Schnitt des tailliert geschnittenen Blazers mit brusttiefem Revers und die gerade fallende Hose eignen sich als Outfit f\u00fcr viele Gelegenheiten. Ein interessanter Blickfang des Oberteils sind jeweils zwei \u00fcbereinandergesetzte Pattentaschen. Der Anzug gewinnt noch durch die exklusive Stoffwahl \u2013 Crepe Satin.&nbsp; Eine pfiffige Umh\u00e4ngetasche aus dem gleichen Material, dessen Tr\u00e4ger bewusst mit der gl\u00e4nzenden Seite des Satins verst\u00fcrzt ist, vervollst\u00e4ndigt das adrette Erscheinungsbild. Unter dem Blazer tr\u00e4gt die Kundin eine flotte Wickelbluse aus t\u00fcrkis und dunkelblauem Jersey im Paisly-Muster. Wahlweise kann statt der Hose auch ein knapp \u00fcber dem Knie geschnittener Rock aus dem gleichen Material getragen werden.<\/div>\n<div align=\"left\"><\/div>\n<div align=\"left\">\n<div align=\"left\"><strong>Vielseitiges Kost\u00fcm - Das Modell bezaubert durch seine Einfachheit<\/strong><a title=\"Kofferkleid\" name=\"Kofferkleid\"><\/a>\n<strong>\n<\/strong><\/div>\n<table width=\"348\" cellspacing=\"5\" cellpadding=\"5\" border=\"0\" align=\"center\">\n<tbody>\n<tr>\n<td>\n<div align=\"center\"><a class=\"jcebox\" title=\"Vielseitiges Kost\u00fcm - Das Modell bezaubert durch seine Einfachheit\" href=\"http:\/\/www.mode-franziska.de\/atelier\/images\/stories\/Businessmode2\/koffer.jpg\" rel=\"Businessmode2\"><img src=\"http:\/\/www.mode-franziska.de\/atelier\/images\/stories\/Businessmode2\/thumbnails\/thumb_koffer.jpg\" alt=\"\" border=\"0\"><\/a><\/div><\/td>\n<td><a class=\"jcebox\" title=\"Vielseitiges Kost\u00fcm - Das Modell bezaubert durch seine Einfachheit\" href=\"http:\/\/www.mode-franziska.de\/atelier\/images\/stories\/Businessmode2\/koffer-2.jpg\" rel=\"Businessmode2\"><img src=\"http:\/\/www.mode-franziska.de\/atelier\/images\/stories\/Businessmode2\/thumbnails\/thumb_koffer-2.jpg\" alt=\"\" border=\"0\"><\/a><\/td>\n<td><a class=\"jcebox\" title=\"Vielseitiges Kost\u00fcm - Das Modell bezaubert durch seine Einfachheit\" href=\"http:\/\/www.mode-franziska.de\/atelier\/images\/stories\/Businessmode2\/koffer-3.jpg\" rel=\"Businessmode2\"><img src=\"http:\/\/www.mode-franziska.de\/atelier\/images\/stories\/Businessmode2\/thumbnails\/thumb_koffer-3.jpg\" alt=\"\" border=\"0\"><\/a><\/td>\n<\/tr>\n<\/tbody>\n<\/table>\n<div align=\"left\"><span style=\"font-size: 8pt;\">\nFoto: Monika Vitzthum<\/span><\/div>\nDer klassisch geschnittene Blazer aus cognacfarbenem Bouclewollstoff ist am schmalen Revers mit gleichfarbigem Satinstoff und mit schm\u00fcckendem, materialgleichem Biesenband verst\u00fcrzt. Der Blazer kann mit zwei passenden schmalen R\u00f6cken, einer aus dem Bouclewollstoff und der andere aus Satin, zu einem variablen Kost\u00fcm kombiniert werden. Ein cognacfarbiges, tailliertes Satintop mit halsnahem Ausschnitt komplettiert dieses Ensemble. Zu einem eleganten Abendauftritt tr\u00e4gt die Dame einen weit ausgestellten langen Satinrock mit passender Spitzenstola.\n\n<\/div>","_et_gb_content_width":"793","footnotes":""},"class_list":["post-182","page","type-page","status-publish","hentry"],"_links":{"self":[{"href":"https:\/\/mode-franziska.de\/neu\/wp-json\/wp\/v2\/pages\/182","targetHints":{"allow":["GET"]}}],"collection":[{"href":"https:\/\/mode-franziska.de\/neu\/wp-json\/wp\/v2\/pages"}],"about":[{"href":"https:\/\/mode-franziska.de\/neu\/wp-json\/wp\/v2\/types\/page"}],"author":[{"embeddable":true,"href":"https:\/\/mode-franziska.de\/neu\/wp-json\/wp\/v2\/users\/1"}],"replies":[{"embeddable":true,"href":"https:\/\/mode-franziska.de\/neu\/wp-json\/wp\/v2\/comments?post=182"}],"version-history":[{"count":6,"href":"https:\/\/mode-franziska.de\/neu\/wp-json\/wp\/v2\/pages\/182\/revisions"}],"predecessor-version":[{"id":814,"href":"https:\/\/mode-franziska.de\/neu\/wp-json\/wp\/v2\/pages\/182\/revisions\/814"}],"wp:attachment":[{"href":"https:\/\/mode-franziska.de\/neu\/wp-json\/wp\/v2\/media?parent=182"}],"curies":[{"name":"wp","href":"https:\/\/api.w.org\/{rel}","templated":true}]}}