{"id":183,"date":"2008-03-13T16:49:08","date_gmt":"2008-03-13T15:49:08","guid":{"rendered":"https:\/\/mode-franziska.de\/neu\/links\/"},"modified":"2021-09-09T14:40:24","modified_gmt":"2021-09-09T12:40:24","slug":"links","status":"publish","type":"page","link":"https:\/\/mode-franziska.de\/neu\/links\/","title":{"rendered":"Links"},"content":{"rendered":"<div align=\"right\"><\/div>\n<div align=\"left\">\n&nbsp;<\/div>\n<div align=\"left\">\n<span style=\"font-size: 10pt; font-family: Arial\">Kollektionsarbeit f\u00fcr Bogner <a href=\"http:\/\/www.bogner.com\/\" target=\"_blank\" rel=\"noopener\">www.bogner.com<\/a><\/span><\/div>\n<p><span style=\"font-size: 10pt; font-family: Arial\"> <\/span><\/p>\n<p align=\"left\">\n&nbsp;<span style=\"font-size: 13px\" class=\"Apple-style-span\"><br \/>\nZubeh\u00f6r f\u00fcr Mieder und Corsagen<\/span><a style=\"margin: 0px; padding: 0px; color: #284354\" href=\"http:\/\/www.streifeneder.de\" target=\"_blank\" rel=\"noopener\"><br \/>\nwww.streifeneder.de<\/a><\/p>\n<p align=\"left\">\nH\u00f6fer &#8211; Stoffkollektionen und Weberei<br \/>\nWeberei imd Stoffgro\u00dfhandel f\u00fcr Dirndlstoffe, Trachtenstoffe, HAKA, DOB und Zubeh\u00f6r.<br \/>\n<a href=\"http:\/\/www.hoefer-stoffe.de\" target=\"_blank\" rel=\"noopener\">www.hoefer-stoffe.de<\/a><\/p>\n<p align=\"left\">\n<a href=\"http:\/\/www.farbtraining.de\/\" target=\"_blank\" title=\"www.farbtraining.de\" rel=\"noopener\">www.farbtraining.de <\/a><\/p>\n<p align=\"left\">\n&nbsp;<span style=\"font-size: 10pt; font-family: Arial\">B\u00fchnenkost\u00fcme f\u00fcr Meilhamer \/ Schlenger <\/span><span style=\"font-size: 10pt; font-family: Arial\"><br \/>\n(Herbert &amp; Schnipsi)<br \/>\n<a href=\"http:\/\/www.herbertundschnipsi.de\/\" target=\"_blank\" rel=\"noopener\">www.herbertundschnipsi.de<\/a><\/span><\/p>\n<div align=\"left\">\n<span style=\"font-size: 10pt; font-family: Arial\">3. Platzbei Modellwettbewerb: Kofferoutfit f\u00fcr die berufst\u00e4tige Frau<\/span><\/div>\n<div align=\"left\">\n<a href=\"http:\/\/www.mode-franziska.de\/atelier\/index.php?option=com_content&amp;task=view&amp;id=26&amp;Itemid=41#Kofferkleid\">(siehe Businessmode \u201eDas Modell bezaubert durch seine Einfachheit\u201c)<\/a>.<\/div>\n<div align=\"left\">\n&nbsp;<\/div>\n<div align=\"left\">\n&nbsp;<\/div>\n<div align=\"left\">\n&nbsp;<\/div>\n","protected":false},"excerpt":{"rendered":"<p>&nbsp; Kollektionsarbeit f\u00fcr Bogner www.bogner.com &nbsp; Zubeh\u00f6r f\u00fcr Mieder und Corsagen www.streifeneder.de H\u00f6fer &#8211; Stoffkollektionen und Weberei Weberei imd Stoffgro\u00dfhandel f\u00fcr Dirndlstoffe, Trachtenstoffe, HAKA, DOB und Zubeh\u00f6r. www.hoefer-stoffe.de www.farbtraining.de &nbsp;B\u00fchnenkost\u00fcme f\u00fcr Meilhamer \/ Schlenger (Herbert &amp; Schnipsi) www.herbertundschnipsi.de 3. Platzbei Modellwettbewerb: Kofferoutfit f\u00fcr die berufst\u00e4tige Frau (siehe Businessmode \u201eDas Modell bezaubert durch seine Einfachheit\u201c). &nbsp; [&hellip;]<\/p>\n","protected":false},"author":1,"featured_media":0,"parent":0,"menu_order":25,"comment_status":"closed","ping_status":"closed","template":"","meta":{"_et_pb_use_builder":"","_et_pb_old_content":"","_et_gb_content_width":"793","footnotes":""},"class_list":["post-183","page","type-page","status-publish","hentry"],"_links":{"self":[{"href":"https:\/\/mode-franziska.de\/neu\/wp-json\/wp\/v2\/pages\/183","targetHints":{"allow":["GET"]}}],"collection":[{"href":"https:\/\/mode-franziska.de\/neu\/wp-json\/wp\/v2\/pages"}],"about":[{"href":"https:\/\/mode-franziska.de\/neu\/wp-json\/wp\/v2\/types\/page"}],"author":[{"embeddable":true,"href":"https:\/\/mode-franziska.de\/neu\/wp-json\/wp\/v2\/users\/1"}],"replies":[{"embeddable":true,"href":"https:\/\/mode-franziska.de\/neu\/wp-json\/wp\/v2\/comments?post=183"}],"version-history":[{"count":1,"href":"https:\/\/mode-franziska.de\/neu\/wp-json\/wp\/v2\/pages\/183\/revisions"}],"predecessor-version":[{"id":435,"href":"https:\/\/mode-franziska.de\/neu\/wp-json\/wp\/v2\/pages\/183\/revisions\/435"}],"wp:attachment":[{"href":"https:\/\/mode-franziska.de\/neu\/wp-json\/wp\/v2\/media?parent=183"}],"curies":[{"name":"wp","href":"https:\/\/api.w.org\/{rel}","templated":true}]}}

<div align="right"></div>
<div align="left">
&nbsp;</div>
<div align="left">
<span style="font-size: 10pt; font-family: Arial">Kollektionsarbeit für Bogner <a href="http://www.bogner.com/" target="_blank" rel="noopener">www.bogner.com</a></span></div>
<p><span style="font-size: 10pt; font-family: Arial"> </span></p>
<p align="left">
&nbsp;<span style="font-size: 13px" class="Apple-style-span"><br />
Zubehör für Mieder und Corsagen</span><a style="margin: 0px; padding: 0px; color: #284354" href="http://www.streifeneder.de" target="_blank" rel="noopener"><br />
www.streifeneder.de</a></p>
<p align="left">
Höfer &#8211; Stoffkollektionen und Weberei<br />
Weberei imd Stoffgroßhandel für Dirndlstoffe, Trachtenstoffe, HAKA, DOB und Zubehör.<br />
<a href="http://www.hoefer-stoffe.de" target="_blank" rel="noopener">www.hoefer-stoffe.de</a></p>
<p align="left">
<a href="http://www.farbtraining.de/" target="_blank" title="www.farbtraining.de" rel="noopener">www.farbtraining.de </a></p>
<p align="left">
&nbsp;<span style="font-size: 10pt; font-family: Arial">Bühnenkostüme für Meilhamer / Schlenger </span><span style="font-size: 10pt; font-family: Arial"><br />
(Herbert &amp; Schnipsi)<br />
<a href="http://www.herbertundschnipsi.de/" target="_blank" rel="noopener">www.herbertundschnipsi.de</a></span></p>
<div align="left">
<span style="font-size: 10pt; font-family: Arial">3. Platzbei Modellwettbewerb: Kofferoutfit für die berufstätige Frau</span></div>
<div align="left">
<a href="http://www.mode-franziska.de/atelier/index.php?option=com_content&amp;task=view&amp;id=26&amp;Itemid=41#Kofferkleid">(siehe Businessmode „Das Modell bezaubert durch seine Einfachheit“)</a>.</div>
<div align="left">
&nbsp;</div>
<div align="left">
&nbsp;</div>
<div align="left">
&nbsp;</div>

<p>&nbsp; Kollektionsarbeit für Bogner www.bogner.com &nbsp; Zubehör für Mieder und Corsagen www.streifeneder.de Höfer &#8211; Stoffkollektionen und Weberei Weberei imd Stoffgroßhandel für Dirndlstoffe, Trachtenstoffe, HAKA, DOB und Zubehör. www.hoefer-stoffe.de www.farbtraining.de &nbsp;Bühnenkostüme für Meilhamer / Schlenger (Herbert &amp; Schnipsi) www.herbertundschnipsi.de 3. Platzbei Modellwettbewerb: Kofferoutfit für die berufstätige Frau (siehe Businessmode „Das Modell bezaubert durch seine Einfachheit“). &nbsp; [&hellip;]</p>
