{"id":200,"date":"2008-04-08T14:39:03","date_gmt":"2008-04-08T12:39:03","guid":{"rendered":"https:\/\/mode-franziska.de\/neu\/leinen-und-ledermode\/"},"modified":"2021-09-13T13:00:41","modified_gmt":"2021-09-13T11:00:41","slug":"leinen-und-ledermode","status":"publish","type":"page","link":"https:\/\/mode-franziska.de\/neu\/leinen-und-ledermode\/","title":{"rendered":"Leinen- und Ledermode"},"content":{"rendered":"<div align=\"left\">Mit innovativen Modellen aus Leinen und Leder haben Sie bequeme Kleidung zum Wohlf\u00fchlen mit dem besonderen Touch.<\/div>\n<div align=\"left\">\n<div align=\"left\"><strong>Elegante Leinenkombination-Stoff und Schnitt erg\u00e4nzen sich<\/strong><\/p>\n<table border=\"0\" width=\"348\" cellspacing=\"5\" cellpadding=\"5\" align=\"center\">\n<tbody>\n<tr>\n<td>\n<div align=\"center\"><a class=\"jcebox\" title=\"Elegante Leinenkombination-Stoff und Schnitt erg\u00e4nzen sich\" href=\"https:\/\/mode-franziska.de\/neu\/wp-content\/uploads\/2008\/04\/leinen1.jpg\" rel=\"leinen3\"><img loading=\"lazy\" decoding=\"async\" class=\" size-full wp-image-184\" src=\"https:\/\/mode-franziska.de\/neu\/wp-content\/uploads\/2008\/04\/thumb_leinen1.jpg\" alt=\"\" width=\"100\" height=\"150\" border=\"0\" \/><\/a><\/div>\n<\/td>\n<td><a class=\"jcebox\" title=\"Elegante Leinenkombination-Stoff und Schnitt erg\u00e4nzen sich\" href=\"https:\/\/mode-franziska.de\/neu\/wp-content\/uploads\/2008\/04\/leinen2.jpg\" rel=\"leinen3\"><img loading=\"lazy\" decoding=\"async\" class=\" size-full wp-image-187\" src=\"https:\/\/mode-franziska.de\/neu\/wp-content\/uploads\/2008\/04\/thumb_leinen2.jpg\" alt=\"\" width=\"100\" height=\"150\" border=\"0\" \/><\/a><\/td>\n<td><a class=\"jcebox\" title=\"Elegante Leinenkombination-Stoff und Schnitt erg\u00e4nzen sich\" href=\"https:\/\/mode-franziska.de\/neu\/wp-content\/uploads\/2008\/04\/leinen3.jpg\" rel=\"leinen3\"><img loading=\"lazy\" decoding=\"async\" class=\" size-full wp-image-189\" src=\"https:\/\/mode-franziska.de\/neu\/wp-content\/uploads\/2008\/04\/thumb_leinen3.jpg\" alt=\"\" width=\"100\" height=\"150\" border=\"0\" \/><\/a><\/td>\n<\/tr>\n<\/tbody>\n<\/table>\n<div align=\"left\"><span style=\"font-size: 8pt;\"><br \/>\nFoto: Monika Vitzthum<\/span><\/div>\n<\/div>\n<div align=\"left\">Zu der eleganten, rotgrundigen Jacke mit einem wundersch\u00f6nen Webmuster kann man nach Herzenslust kombinieren. Ein mittelhoher Stehkragen, die in den R\u00fccken verlegte Schulternaht, ein verdeckter Schlitz in der hinteren Mitte und Trompeten\u00e4rmel\u00a0 mit offenen Schlitzen geben der Jacke eine interessante Note. Die Dame tr\u00e4gt dazu ein rotes k\u00f6rperumspielendes Leinenkleid oder eine gr\u00fcne, gerade geschnittene Leinenhose. Dazu erg\u00e4nzt ein Topaus dem Jackenstoff mit Wienern\u00e4hten, die am Vorder-und R\u00fcckenteil jeweils mit Schlitzen versehen sind, das Outfit.<\/div>\n<\/div>\n<div align=\"left\"><\/div>\n<div align=\"left\"><strong>Leinenanzug \u2013 \u00e1 la Marlene<\/strong><\/p>\n<table border=\"0\" width=\"348\" cellspacing=\"5\" cellpadding=\"5\" align=\"center\">\n<tbody>\n<tr>\n<td>\n<div align=\"center\"><a href=\"https:\/\/mode-franziska.de\/neu\/wp-content\/uploads\/2021\/09\/leinen12.jpg\"><img loading=\"lazy\" decoding=\"async\" class=\"alignnone size-full wp-image-712\" src=\"https:\/\/mode-franziska.de\/neu\/wp-content\/uploads\/2021\/09\/thumb_leinen12.jpg\" alt=\"\" width=\"101\" height=\"150\" \/><\/a><\/div>\n<\/td>\n<td><a class=\"jcebox\" title=\"Leinenanzug \u2013 \u00e1 la Marlene\" href=\"https:\/\/mode-franziska.de\/neu\/wp-content\/uploads\/2008\/04\/leinen2-2.jpg\" rel=\"Leinen2\"><img loading=\"lazy\" decoding=\"async\" class=\" size-full wp-image-191\" src=\"https:\/\/mode-franziska.de\/neu\/wp-content\/uploads\/2008\/04\/thumb_leinen2-2.jpg\" alt=\"\" width=\"101\" height=\"150\" border=\"0\" \/><\/a><\/td>\n<td><a class=\"jcebox\" title=\"Leinenanzug \u2013 \u00e1 la Marlene\" href=\"https:\/\/mode-franziska.de\/neu\/wp-content\/uploads\/2008\/04\/leinen2-3.jpg\" rel=\"Leinen2\"><img loading=\"lazy\" decoding=\"async\" class=\" size-full wp-image-193\" src=\"https:\/\/mode-franziska.de\/neu\/wp-content\/uploads\/2008\/04\/thumb_leinen2-3.jpg\" alt=\"\" width=\"101\" height=\"150\" border=\"0\" \/><\/a><\/td>\n<\/tr>\n<\/tbody>\n<\/table>\n<div align=\"left\"><span style=\"font-size: 8pt;\"><br \/>\nFoto: Monika Vitzthum<\/span><\/div>\n<\/div>\n<div align=\"left\">Der dunkelblaue Nadelstreifenanzug aus feinstem Leinen besteht\u00a0 aus einer gerade geschnittenen \u201eMarlenehose\u201c und einem Longblazer mit schmalem Revers und Pattentaschen. Kombiniert dazu wird eine verspielte, rosafarbene Batistbluse. Der Hals-und V-Ausschnitt, die vordere Mitte, sowie die Armabschl\u00fcsse sind mit einer breiten, schm\u00fcckenden Volantr\u00fcsche abgesetzt.<\/div>\n<div align=\"left\"><\/div>\n<div align=\"left\">\n<div align=\"left\"><strong>Leinenkost\u00fcm mit passendem Dirndl &#8211; Ton in Ton\u00a0<\/strong><\/p>\n<table border=\"0\" width=\"348\" cellspacing=\"5\" cellpadding=\"5\" align=\"center\">\n<tbody>\n<tr>\n<td>\n<div align=\"center\"><a class=\"jcebox\" title=\"Leinenkost\u00fcm mit passendem Dirndl - Ton in Ton \" href=\"https:\/\/mode-franziska.de\/neu\/wp-content\/uploads\/2008\/04\/leinen.jpg\" rel=\"Leinen1\"><img loading=\"lazy\" decoding=\"async\" class=\" size-full wp-image-195\" src=\"https:\/\/mode-franziska.de\/neu\/wp-content\/uploads\/2008\/04\/thumb_leinen.jpg\" alt=\"\" width=\"101\" height=\"150\" border=\"0\" \/><\/a><\/div>\n<\/td>\n<td><a class=\"jcebox\" title=\"Leinenkost\u00fcm mit passendem Dirndl - Ton in Ton \" href=\"https:\/\/mode-franziska.de\/neu\/wp-content\/uploads\/2008\/04\/leinen-3.jpg\" rel=\"Leinen1\"><img loading=\"lazy\" decoding=\"async\" class=\" size-full wp-image-197\" src=\"https:\/\/mode-franziska.de\/neu\/wp-content\/uploads\/2008\/04\/thumb_leinen-3.jpg\" alt=\"\" width=\"101\" height=\"150\" border=\"0\" \/><\/a><\/td>\n<td><a class=\"jcebox\" title=\"Leinenkost\u00fcm mit passendem Dirndl - Ton in Ton \" href=\"https:\/\/mode-franziska.de\/neu\/wp-content\/uploads\/2008\/04\/leinen-2.jpg\" rel=\"Leinen1\"><img loading=\"lazy\" decoding=\"async\" class=\" size-full wp-image-199\" src=\"https:\/\/mode-franziska.de\/neu\/wp-content\/uploads\/2008\/04\/thumb_leinen-2.jpg\" alt=\"\" width=\"101\" height=\"150\" border=\"0\" \/><\/a><\/td>\n<\/tr>\n<\/tbody>\n<\/table>\n<div align=\"left\"><span style=\"font-size: 8pt;\"><br \/>\nFoto: Monika Vitzthum<\/span><\/div>\n<div align=\"left\">Das naturfarbene Leinenkost\u00fcm zeichnet sich durch seine schlichte Eleganz aus. Eine reinseidene Bluse mit klassischem Kragen und interessantem Farb- und Mustermix unterstreicht noch diesen Eindruck. Der wadenlange, schmalgeschnittene Leinenrock erf\u00e4hrt durch ein in der vorderen Mitte zwischengesetztes, blaues Microfaserpaspol eine optische Streckung. Der Stehkragen, die Vorderteilkante, die Leistentasche, der Riegel im R\u00fccken und die Ober\u00e4rmeleins\u00e4tze der Jacke sind ebenfalls mit blauer Microfaser abgesetzt. Ein dazu kombinierbares Dirndl aus dem gleichen Material hat schmalgeschnittene, kurze \u00c4rmel. Der Blickfang hier ist eindeutig die handgesmokte Sch\u00fcrze aus gl\u00e4nzendem, besticktem, blauen Satin.<\/div>\n<\/div>\n<\/div>\n","protected":false},"excerpt":{"rendered":"<p>Mit innovativen Modellen aus Leinen und Leder haben Sie bequeme Kleidung zum Wohlf\u00fchlen mit dem besonderen Touch. Elegante Leinenkombination-Stoff und Schnitt erg\u00e4nzen sich Foto: Monika Vitzthum Zu der eleganten, rotgrundigen Jacke mit einem wundersch\u00f6nen Webmuster kann man nach Herzenslust kombinieren. Ein mittelhoher Stehkragen, die in den R\u00fccken verlegte Schulternaht, ein verdeckter Schlitz in der hinteren [&hellip;]<\/p>\n","protected":false},"author":1,"featured_media":184,"parent":0,"menu_order":24,"comment_status":"closed","ping_status":"closed","template":"","meta":{"_et_pb_use_builder":"","_et_pb_old_content":"","_et_gb_content_width":"793","footnotes":""},"class_list":["post-200","page","type-page","status-publish","has-post-thumbnail","hentry"],"_links":{"self":[{"href":"https:\/\/mode-franziska.de\/neu\/wp-json\/wp\/v2\/pages\/200","targetHints":{"allow":["GET"]}}],"collection":[{"href":"https:\/\/mode-franziska.de\/neu\/wp-json\/wp\/v2\/pages"}],"about":[{"href":"https:\/\/mode-franziska.de\/neu\/wp-json\/wp\/v2\/types\/page"}],"author":[{"embeddable":true,"href":"https:\/\/mode-franziska.de\/neu\/wp-json\/wp\/v2\/users\/1"}],"replies":[{"embeddable":true,"href":"https:\/\/mode-franziska.de\/neu\/wp-json\/wp\/v2\/comments?post=200"}],"version-history":[{"count":3,"href":"https:\/\/mode-franziska.de\/neu\/wp-json\/wp\/v2\/pages\/200\/revisions"}],"predecessor-version":[{"id":715,"href":"https:\/\/mode-franziska.de\/neu\/wp-json\/wp\/v2\/pages\/200\/revisions\/715"}],"wp:featuredmedia":[{"embeddable":true,"href":"https:\/\/mode-franziska.de\/neu\/wp-json\/wp\/v2\/media\/184"}],"wp:attachment":[{"href":"https:\/\/mode-franziska.de\/neu\/wp-json\/wp\/v2\/media?parent=200"}],"curies":[{"name":"wp","href":"https:\/\/api.w.org\/{rel}","templated":true}]}}

<div align="left">Mit innovativen Modellen aus Leinen und Leder haben Sie bequeme Kleidung zum Wohlfühlen mit dem besonderen Touch.</div>
<div align="left">
<div align="left"><strong>Elegante Leinenkombination-Stoff und Schnitt ergänzen sich</strong></p>
<table border="0" width="348" cellspacing="5" cellpadding="5" align="center">
<tbody>
<tr>
<td>
<div align="center"><a class="jcebox" title="Elegante Leinenkombination-Stoff und Schnitt ergänzen sich" href="https://mode-franziska.de/neu/wp-content/uploads/2008/04/leinen1.jpg" rel="leinen3"><img loading="lazy" decoding="async" class=" size-full wp-image-184" src="https://mode-franziska.de/neu/wp-content/uploads/2008/04/thumb_leinen1.jpg" alt="" width="100" height="150" border="0" /></a></div>
</td>
<td><a class="jcebox" title="Elegante Leinenkombination-Stoff und Schnitt ergänzen sich" href="https://mode-franziska.de/neu/wp-content/uploads/2008/04/leinen2.jpg" rel="leinen3"><img loading="lazy" decoding="async" class=" size-full wp-image-187" src="https://mode-franziska.de/neu/wp-content/uploads/2008/04/thumb_leinen2.jpg" alt="" width="100" height="150" border="0" /></a></td>
<td><a class="jcebox" title="Elegante Leinenkombination-Stoff und Schnitt ergänzen sich" href="https://mode-franziska.de/neu/wp-content/uploads/2008/04/leinen3.jpg" rel="leinen3"><img loading="lazy" decoding="async" class=" size-full wp-image-189" src="https://mode-franziska.de/neu/wp-content/uploads/2008/04/thumb_leinen3.jpg" alt="" width="100" height="150" border="0" /></a></td>
</tr>
</tbody>
</table>
<div align="left"><span style="font-size: 8pt;"><br />
Foto: Monika Vitzthum</span></div>
</div>
<div align="left">Zu der eleganten, rotgrundigen Jacke mit einem wunderschönen Webmuster kann man nach Herzenslust kombinieren. Ein mittelhoher Stehkragen, die in den Rücken verlegte Schulternaht, ein verdeckter Schlitz in der hinteren Mitte und Trompetenärmel  mit offenen Schlitzen geben der Jacke eine interessante Note. Die Dame trägt dazu ein rotes körperumspielendes Leinenkleid oder eine grüne, gerade geschnittene Leinenhose. Dazu ergänzt ein Topaus dem Jackenstoff mit Wienernähten, die am Vorder-und Rückenteil jeweils mit Schlitzen versehen sind, das Outfit.</div>
</div>
<div align="left"></div>
<div align="left"><strong>Leinenanzug – á la Marlene</strong></p>
<table border="0" width="348" cellspacing="5" cellpadding="5" align="center">
<tbody>
<tr>
<td>
<div align="center"><a href="https://mode-franziska.de/neu/wp-content/uploads/2021/09/leinen12.jpg"><img loading="lazy" decoding="async" class="alignnone size-full wp-image-712" src="https://mode-franziska.de/neu/wp-content/uploads/2021/09/thumb_leinen12.jpg" alt="" width="101" height="150" /></a></div>
</td>
<td><a class="jcebox" title="Leinenanzug – á la Marlene" href="https://mode-franziska.de/neu/wp-content/uploads/2008/04/leinen2-2.jpg" rel="Leinen2"><img loading="lazy" decoding="async" class=" size-full wp-image-191" src="https://mode-franziska.de/neu/wp-content/uploads/2008/04/thumb_leinen2-2.jpg" alt="" width="101" height="150" border="0" /></a></td>
<td><a class="jcebox" title="Leinenanzug – á la Marlene" href="https://mode-franziska.de/neu/wp-content/uploads/2008/04/leinen2-3.jpg" rel="Leinen2"><img loading="lazy" decoding="async" class=" size-full wp-image-193" src="https://mode-franziska.de/neu/wp-content/uploads/2008/04/thumb_leinen2-3.jpg" alt="" width="101" height="150" border="0" /></a></td>
</tr>
</tbody>
</table>
<div align="left"><span style="font-size: 8pt;"><br />
Foto: Monika Vitzthum</span></div>
</div>
<div align="left">Der dunkelblaue Nadelstreifenanzug aus feinstem Leinen besteht  aus einer gerade geschnittenen „Marlenehose“ und einem Longblazer mit schmalem Revers und Pattentaschen. Kombiniert dazu wird eine verspielte, rosafarbene Batistbluse. Der Hals-und V-Ausschnitt, die vordere Mitte, sowie die Armabschlüsse sind mit einer breiten, schmückenden Volantrüsche abgesetzt.</div>
<div align="left"></div>
<div align="left">
<div align="left"><strong>Leinenkostüm mit passendem Dirndl &#8211; Ton in Ton </strong></p>
<table border="0" width="348" cellspacing="5" cellpadding="5" align="center">
<tbody>
<tr>
<td>
<div align="center"><a class="jcebox" title="Leinenkostüm mit passendem Dirndl - Ton in Ton " href="https://mode-franziska.de/neu/wp-content/uploads/2008/04/leinen.jpg" rel="Leinen1"><img loading="lazy" decoding="async" class=" size-full wp-image-195" src="https://mode-franziska.de/neu/wp-content/uploads/2008/04/thumb_leinen.jpg" alt="" width="101" height="150" border="0" /></a></div>
</td>
<td><a class="jcebox" title="Leinenkostüm mit passendem Dirndl - Ton in Ton " href="https://mode-franziska.de/neu/wp-content/uploads/2008/04/leinen-3.jpg" rel="Leinen1"><img loading="lazy" decoding="async" class=" size-full wp-image-197" src="https://mode-franziska.de/neu/wp-content/uploads/2008/04/thumb_leinen-3.jpg" alt="" width="101" height="150" border="0" /></a></td>
<td><a class="jcebox" title="Leinenkostüm mit passendem Dirndl - Ton in Ton " href="https://mode-franziska.de/neu/wp-content/uploads/2008/04/leinen-2.jpg" rel="Leinen1"><img loading="lazy" decoding="async" class=" size-full wp-image-199" src="https://mode-franziska.de/neu/wp-content/uploads/2008/04/thumb_leinen-2.jpg" alt="" width="101" height="150" border="0" /></a></td>
</tr>
</tbody>
</table>
<div align="left"><span style="font-size: 8pt;"><br />
Foto: Monika Vitzthum</span></div>
<div align="left">Das naturfarbene Leinenkostüm zeichnet sich durch seine schlichte Eleganz aus. Eine reinseidene Bluse mit klassischem Kragen und interessantem Farb- und Mustermix unterstreicht noch diesen Eindruck. Der wadenlange, schmalgeschnittene Leinenrock erfährt durch ein in der vorderen Mitte zwischengesetztes, blaues Microfaserpaspol eine optische Streckung. Der Stehkragen, die Vorderteilkante, die Leistentasche, der Riegel im Rücken und die Oberärmeleinsätze der Jacke sind ebenfalls mit blauer Microfaser abgesetzt. Ein dazu kombinierbares Dirndl aus dem gleichen Material hat schmalgeschnittene, kurze Ärmel. Der Blickfang hier ist eindeutig die handgesmokte Schürze aus glänzendem, besticktem, blauen Satin.</div>
</div>
</div>

<p>Mit innovativen Modellen aus Leinen und Leder haben Sie bequeme Kleidung zum Wohlfühlen mit dem besonderen Touch. Elegante Leinenkombination-Stoff und Schnitt ergänzen sich Foto: Monika Vitzthum Zu der eleganten, rotgrundigen Jacke mit einem wunderschönen Webmuster kann man nach Herzenslust kombinieren. Ein mittelhoher Stehkragen, die in den Rücken verlegte Schulternaht, ein verdeckter Schlitz in der hinteren [&hellip;]</p>
