{"id":272,"date":"2009-08-23T16:32:09","date_gmt":"2009-08-23T14:32:09","guid":{"rendered":"https:\/\/mode-franziska.de\/neu\/abendmode\/"},"modified":"2021-09-13T09:48:25","modified_gmt":"2021-09-13T07:48:25","slug":"abendmode","status":"publish","type":"page","link":"https:\/\/mode-franziska.de\/neu\/abendmode\/","title":{"rendered":"Abendmode"},"content":{"rendered":"<div align=\"left\">\n<div align=\"right\"><img loading=\"lazy\" decoding=\"async\" title=\"schere\" src=\"http:\/\/www.mode-franziska.de\/atelier\/images\/stories\/Grafiken\/schere.gif\" alt=\"schere\" width=\"56\" height=\"44\" align=\"middle\" border=\"5\" hspace=\"5\" vspace=\"5\" \/><a title=\"weitere Modelle\" href=\"http:\/\/www.mode-franziska.de\/atelier\/index.php?option=com_content&amp;task=view&amp;id=12&amp;Itemid=26\"><strong>weitere Modelle<\/strong><\/a><\/div>\n<\/div>\n<div align=\"left\">\u00a0Mit eleganten exklusiven Modellen unterstreichen Sie Ihre Pers\u00f6nlichkeit und haben bei einem festlichen Ballabend und Theaterbesuch Ihren besonderen Auftritt. <a title=\"Damen\" href=\"#Damen\">Damen<\/a> <a href=\"http:\/\/www.mode-franziska.de\/atelier\/#\">Herren<\/a><\/div>\n<p><strong>Kleid mit Schleppe <\/strong><\/p>\n<table border=\"0\" width=\"348\" cellspacing=\"5\" cellpadding=\"5\" align=\"center\">\n<tbody>\n<tr>\n<td>\n<div align=\"center\"><a class=\"jcebox\" title=\"Kleid mit Schleppe\" href=\"https:\/\/mode-franziska.de\/neu\/wp-content\/uploads\/2009\/08\/kms1.jpg\" rel=\"festliche_mode6\"><img loading=\"lazy\" decoding=\"async\" class=\" size-full wp-image-261\" src=\"https:\/\/mode-franziska.de\/neu\/wp-content\/uploads\/2009\/08\/thumbs_kms1.jpg\" alt=\"\" width=\"101\" height=\"150\" border=\"0\" \/><\/a><\/div>\n<\/td>\n<td><a class=\"jcebox\" title=\"Kleid mit Schleppe\" href=\"https:\/\/mode-franziska.de\/neu\/wp-content\/uploads\/2009\/08\/kms2.jpg\" rel=\"festliche_mode6\"><img loading=\"lazy\" decoding=\"async\" class=\" size-full wp-image-263\" src=\"https:\/\/mode-franziska.de\/neu\/wp-content\/uploads\/2009\/08\/thumbs_kms2.jpg\" alt=\"\" width=\"101\" height=\"150\" border=\"0\" \/><\/a><\/td>\n<td><a class=\"jcebox\" title=\"Kleid mit Schleppe \" href=\"https:\/\/mode-franziska.de\/neu\/wp-content\/uploads\/2009\/08\/kms3.jpg\" rel=\"festliche_mode6\"><img loading=\"lazy\" decoding=\"async\" class=\" size-full wp-image-265\" src=\"https:\/\/mode-franziska.de\/neu\/wp-content\/uploads\/2009\/08\/thumbs_kms3.jpg\" alt=\"\" width=\"101\" height=\"150\" border=\"0\" \/><\/a><\/td>\n<\/tr>\n<\/tbody>\n<\/table>\n<div align=\"left\"><span style=\"font-size: 8pt;\">Foto: Monika Vitzthum<\/span><\/div>\n<div align=\"left\">Dieses elegante Festkleid aus korallefarbenen Crepe Satin besticht durch Formgebung und Eleganz. Glitzernde Swarowskysteine sind auf dem hochgeg\u00fcrteten Oberteil und dem linken Rockteil in einem ansprechendem Ornamentmuster aufappliziert. Ein rotes Satinband\u00a0 unter der Brust ziert das Kleid noch zus\u00e4tzlich. Im r\u00fcckwertigen Rockteil ist eine 1,80m\u00a0 lange Schleppe so angeschnitten, dass sie beim Schreiten effektvoll \u201cnachgezogen\u201d wird.\u00a0 Um beim Tanzen\u00a0 die Schleppe\u00a0 nehmen zu k\u00f6nnen, ist an der Spitze eine Fingerschlinge angen\u00e4ht. Stellt\u00a0 man sich dieses wundersch\u00f6ne Kleid in den Farben Wei\u00df oder Ecru vor, ergibt es ein tolles Brautkleid.<\/p>\n<div align=\"left\">\n<p><strong>Two in One <\/strong><\/p>\n<\/div>\n<table border=\"0\" width=\"348\" cellspacing=\"5\" cellpadding=\"5\" align=\"center\">\n<tbody>\n<tr>\n<td>\n<div align=\"center\"><a class=\"jcebox\" title=\"Two in One \" href=\"https:\/\/mode-franziska.de\/neu\/wp-content\/uploads\/2009\/08\/2in1_1.jpg\" rel=\"festliche_mode6\"><img loading=\"lazy\" decoding=\"async\" class=\" size-full wp-image-267\" src=\"https:\/\/mode-franziska.de\/neu\/wp-content\/uploads\/2009\/08\/thumb_2in1_1.jpg\" alt=\"\" width=\"101\" height=\"150\" border=\"0\" \/><\/a><\/div>\n<\/td>\n<td><a class=\"jcebox\" title=\"Two in One\" href=\"https:\/\/mode-franziska.de\/neu\/wp-content\/uploads\/2009\/08\/2in1_2.jpg\" rel=\"festliche_mode6\"><img loading=\"lazy\" decoding=\"async\" class=\" size-full wp-image-269\" src=\"https:\/\/mode-franziska.de\/neu\/wp-content\/uploads\/2009\/08\/thumb_2in1_2.jpg\" alt=\"\" width=\"101\" height=\"150\" border=\"0\" \/><\/a><\/td>\n<td><a class=\"jcebox\" title=\"Two in One \" href=\"https:\/\/mode-franziska.de\/neu\/wp-content\/uploads\/2009\/08\/2in1_3.jpg\" rel=\"festliche_mode6\"><img loading=\"lazy\" decoding=\"async\" class=\" size-full wp-image-271\" src=\"https:\/\/mode-franziska.de\/neu\/wp-content\/uploads\/2009\/08\/thumb_2in1_3.jpg\" alt=\"\" width=\"101\" height=\"150\" border=\"0\" \/><\/a><\/td>\n<\/tr>\n<\/tbody>\n<\/table>\n<div align=\"left\"><span style=\"font-size: 8pt;\">Foto: Monika Vitzthum<\/span><\/div>\n<div align=\"left\">Mit wenigen Handgriffen\u00a0 wird aus diesem eleganten bodenlangen Corsagenkleid ein flottes\u00a0 Cocktailkleid. Der Grundstoff ist dunkelblauer Rosenjaquard. F\u00fcr den angesetzten Halbkreisvolant wurde\u00a0 blauer und schwarzer Organza vierlagig verarbeitet und mit\u00a0\u00a0 Petticoatstoff zur St\u00fctze\u00a0 unterlegt.\u00a0 Ein zartes Bolero mit Kimono\u00e4rmeln und schmalem Schalkragen rundet das Outfit ab.<\/p>\n<div align=\"left\">\n<p><strong>Zwei in Einem <\/strong><\/p>\n<\/div>\n<table border=\"0\" width=\"348\" cellspacing=\"5\" cellpadding=\"5\" align=\"center\">\n<tbody>\n<tr>\n<td>\n<div align=\"center\"><a class=\"jcebox\" title=\"Zwei in einem \" href=\"https:\/\/mode-franziska.de\/neu\/wp-content\/uploads\/2009\/08\/dscf0396.jpg\" rel=\"festliche_mode6\"><img loading=\"lazy\" decoding=\"async\" class=\" size-full wp-image-233\" src=\"https:\/\/mode-franziska.de\/neu\/wp-content\/uploads\/2009\/08\/thumb_dscf0396.jpg\" alt=\"\" width=\"101\" height=\"150\" border=\"0\" \/><\/a><\/div>\n<\/td>\n<td><a class=\"jcebox\" title=\"Zwei in einem\" href=\"https:\/\/mode-franziska.de\/neu\/wp-content\/uploads\/2009\/08\/dscf0397.jpg\" rel=\"festliche_mode6\"><img loading=\"lazy\" decoding=\"async\" class=\" size-full wp-image-235\" src=\"https:\/\/mode-franziska.de\/neu\/wp-content\/uploads\/2009\/08\/thumb_dscf0397.jpg\" alt=\"\" width=\"101\" height=\"150\" border=\"0\" \/><\/a><\/td>\n<td><a class=\"jcebox\" title=\"Zwei in einem \" href=\"https:\/\/mode-franziska.de\/neu\/wp-content\/uploads\/2009\/08\/dscf0399.jpg\" rel=\"festliche_mode6\"><img loading=\"lazy\" decoding=\"async\" class=\" size-full wp-image-237\" src=\"https:\/\/mode-franziska.de\/neu\/wp-content\/uploads\/2009\/08\/thumb_dscf0399.jpg\" alt=\"\" width=\"101\" height=\"150\" border=\"0\" \/><\/a><\/td>\n<\/tr>\n<\/tbody>\n<\/table>\n<div align=\"left\"><span style=\"font-size: 8pt;\">Foto: Monika Vitzthum<\/span><\/div>\n<div align=\"left\">Auch dieses jugendliche Cocktailkleid l\u00e4sst sich ohne viel Aufwand in ein elegantes Abendkleid verwandeln.<br \/>\nDas hochgeg\u00fcrtete Tr\u00e4gerkleid aus blau- gr\u00fcn und aubergine gemusterter Seide hat einen tiefen R\u00fcckenausschnitt. Unter der Brust kann ein bodenlanger, in Kellerfalten gelegter Seidenrock- hier in der Farbe Aubergine &#8211; gebunden werden, so dass\u00a0 eine schwingende Abendrobe entsteht.<\/p>\n<div align=\"left\">\n<p><strong>ABI 2012<\/strong><\/p>\n<div align=\"left\"><a title=\"Damen\" name=\"Damen\"><\/a><\/div>\n<table border=\"0\" width=\"348\" cellspacing=\"5\" cellpadding=\"5\" align=\"center\">\n<tbody>\n<tr>\n<td>\n<div align=\"center\"><a class=\"jcebox\" title=\"ABI 2012\" href=\"http:\/\/www.mode-franziska.de\/atelier\/images\/stories\/abend9\/abi1_kl.jpg\" rel=\"leer\"><img decoding=\"async\" src=\"http:\/\/www.mode-franziska.de\/atelier\/images\/stories\/abend9\/thumbnails\/thumb_abi1_kl.jpg\" alt=\"\" border=\"0\" \/><\/a><\/div>\n<\/td>\n<td><a class=\"jcebox\" title=\"ABI 2012\" href=\"http:\/\/www.mode-franziska.de\/atelier\/images\/stories\/abend9\/abi2_kl.jpg\" rel=\"leer\"><img decoding=\"async\" src=\"http:\/\/www.mode-franziska.de\/atelier\/images\/stories\/abend9\/thumbnails\/thumb_abi2_kl.jpg\" alt=\"\" border=\"0\" \/><\/a><\/td>\n<td><a class=\"jcebox\" title=\"ABI 2012\" href=\"http:\/\/www.mode-franziska.de\/atelier\/images\/stories\/abend9\/abi3_kl.jpg\" rel=\"leer\"><img decoding=\"async\" src=\"http:\/\/www.mode-franziska.de\/atelier\/images\/stories\/abend9\/thumbnails\/thumb_abi3_kl.jpg\" alt=\"\" border=\"0\" \/><\/a><\/td>\n<\/tr>\n<\/tbody>\n<\/table>\n<div align=\"left\"><span style=\"font-size: 8pt;\">Foto: Vitzthum<\/span><\/div>\n<p>Dieses vierlagige Neckholder-Kleid unterstreicht die schmale Silhouette der jugendlichen Tr\u00e4gerin sowohl im Schnitt als auch in der Farbauswahl.<br \/>\nJeweils zwei verschiedenfarbige, \u00fcbereinanderliegende Georgettestoffe ergeben den zarten Puderton. Das gerade abschlie\u00dfende Oberteil ist vorne drapiert. Den Pfiff erh\u00e4lt das Kleid durch den in Falten gelegten G\u00fcrtel. Der hochgeg\u00fcrtete Rock erinnert an die Mode des Empires.<\/p>\n<p><strong>Ein Traum in Smaragdgr\u00fcn<\/strong><\/p>\n<div align=\"left\"><a title=\"Damen\" name=\"Damen\"><\/a><\/div>\n<table border=\"0\" width=\"348\" cellspacing=\"5\" cellpadding=\"5\" align=\"center\">\n<tbody>\n<tr>\n<td>\n<div align=\"center\"><a class=\"jcebox\" title=\"Ein Traum in Smaragdgr\u00fcn\" href=\"http:\/\/www.mode-franziska.de\/atelier\/images\/stories\/abend8\/gruen1.jpg\" rel=\"leer\"><img decoding=\"async\" src=\"http:\/\/www.mode-franziska.de\/atelier\/images\/stories\/abend8\/thumbnails\/thumb_gruen1.jpg\" alt=\"\" border=\"0\" \/><\/a><\/div>\n<\/td>\n<td><a class=\"jcebox\" title=\"Ein Traum in Smaragdgr\u00fcn\" href=\"http:\/\/www.mode-franziska.de\/atelier\/images\/stories\/abend8\/gruen2.jpg\" rel=\"leer\"><img decoding=\"async\" src=\"http:\/\/www.mode-franziska.de\/atelier\/images\/stories\/abend8\/thumbnails\/thumb_gruen2.jpg\" alt=\"\" border=\"0\" \/><\/a><\/td>\n<td><a class=\"jcebox\" title=\"Ein Traum in Smaragdgr\u00fcn\" href=\"http:\/\/www.mode-franziska.de\/atelier\/images\/stories\/abend8\/gruen3.jpg\" rel=\"leer\"><img decoding=\"async\" src=\"http:\/\/www.mode-franziska.de\/atelier\/images\/stories\/abend8\/thumbnails\/thumb_gruen3.jpg\" alt=\"\" border=\"0\" \/><\/a><\/td>\n<\/tr>\n<\/tbody>\n<\/table>\n<div align=\"left\"><span style=\"font-size: 8pt;\">Foto: Vitzthum<\/span><\/div>\n<p>Dieses Modell aus smaragdgr\u00fcnem Taft Changeant besticht durch seine schlichte Schnittf\u00fchrung im Vorderteil und Raffinesse in der R\u00fcckenansicht. Das Kleid ist g\u00e4nzlich im schr\u00e4gen Fadenverlauf geschnitten, deshalb hat es auch einen lockeren und leichten Fall. Der Brustabn\u00e4herbetrag ist dreigeteilt und in der Seitennaht tief angesetzt. Der runde Ausschnitt verl\u00e4uft in schmale Tr\u00e4ger. Eine \u00dcberraschung bietet der interessante R\u00fccken: Die Tr\u00e4ger fallen in weichen Falten von der Schulter in den tief ausgeschnittenen R\u00fccken. Ein Bindeband aus farblich passendem, hellen Seidenmousseline Changeant komplementiert das Modell. Dazu geh\u00f6rt auch eine duftige Stola aus dem gleichen Material.<\/p>\n<\/div>\n<div align=\"left\">\n<div align=\"left\">\n<div align=\"left\"><strong>Abiturfeier 2009 \u2013 Blickfang\u00a0<\/strong><\/p>\n<div align=\"left\">\n<div align=\"left\"><a title=\"Damen\" name=\"Damen\"><\/a><\/div>\n<table border=\"0\" width=\"348\" cellspacing=\"5\" cellpadding=\"5\" align=\"center\">\n<tbody>\n<tr>\n<td>\n<div align=\"center\"><a class=\"jcebox\" title=\"Abiturfeier 2009 \u2013 Blickfang\u00a0\" href=\"http:\/\/www.mode-franziska.de\/atelier\/images\/stories\/Abendmode7\/abendmode2.jpg\" rel=\"Abendmode7\"><img decoding=\"async\" src=\"http:\/\/www.mode-franziska.de\/atelier\/images\/stories\/Abendmode7\/thumbnails\/thumb_abendmode2.jpg\" alt=\"\" border=\"0\" \/><\/a><\/div>\n<\/td>\n<td><a class=\"jcebox\" title=\"Abiturfeier 2009 \u2013 Blickfang\u00a0\" href=\"http:\/\/www.mode-franziska.de\/atelier\/images\/stories\/Abendmode7\/abendmode1.jpg\" rel=\"Abendmode7\"><img decoding=\"async\" src=\"http:\/\/www.mode-franziska.de\/atelier\/images\/stories\/Abendmode7\/thumbnails\/thumb_abendmode1.jpg\" alt=\"\" border=\"0\" \/><\/a><\/td>\n<td><a class=\"jcebox\" title=\"Abiturfeier 2009 \u2013 Blickfang\u00a0\" href=\"http:\/\/www.mode-franziska.de\/atelier\/images\/stories\/Abendmode7\/abendmode3.jpg\" rel=\"Abendmode7\"><img decoding=\"async\" src=\"http:\/\/www.mode-franziska.de\/atelier\/images\/stories\/Abendmode7\/thumbnails\/thumb_abendmode3.jpg\" alt=\"\" border=\"0\" \/><\/a><\/td>\n<\/tr>\n<\/tbody>\n<\/table>\n<div align=\"left\">Foto: Wieland Foto: privat<\/div>\n<div align=\"left\"><span class=\"Apple-style-span\" style=\"font-size: 10px;\"><span class=\"Apple-style-span\" style=\"font-size: 12px;\">Ein elegantes, figurbetonendes Corsagenkleid aus dunkelblauem Taft. Die schlichte Ausschnittkante ist mit einer schwarzen Stickereispitze verziert.Der in der Taille glatt angesetzte Rock hat an den Teilungsn\u00e4hten der Corsage schm\u00fcckende Quetschfalten und ist zum Saum hin weit ausgestellt. Ein aufwendiger T\u00fcllunterbau gibt ihm den n\u00f6tigen Stand.<br \/>\n<\/span><\/span><\/div>\n<\/div>\n<div align=\"left\"><\/div>\n<div align=\"left\"><strong>Rotes Kleid-Ein Hoch auf die Teilungsn\u00e4hte!<\/strong><\/p>\n<div align=\"left\">\n<div align=\"left\"><a title=\"Damen\" name=\"Damen\"><\/a><\/div>\n<table border=\"0\" width=\"348\" cellspacing=\"5\" cellpadding=\"5\" align=\"center\">\n<tbody>\n<tr>\n<td>\n<div align=\"center\"><a class=\"jcebox\" title=\"Rotes Kleid-Ein Hoch auf die Teilungsn\u00e4hte!\" href=\"http:\/\/www.mode-franziska.de\/atelier\/images\/stories\/leer\/abend1.jpg\" rel=\"leer\"><img decoding=\"async\" src=\"http:\/\/www.mode-franziska.de\/atelier\/images\/stories\/leer\/thumbnails\/thumb_abend1.jpg\" alt=\"\" border=\"0\" \/><\/a><\/div>\n<\/td>\n<td><a class=\"jcebox\" title=\"Rotes Kleid-Ein Hoch auf die Teilungsn\u00e4hte!\" href=\"http:\/\/www.mode-franziska.de\/atelier\/images\/stories\/leer\/abend2.jpg\" rel=\"leer\"><img decoding=\"async\" src=\"http:\/\/www.mode-franziska.de\/atelier\/images\/stories\/leer\/thumbnails\/thumb_abend2.jpg\" alt=\"\" border=\"0\" \/><\/a><\/td>\n<td><a class=\"jcebox\" title=\"Rotes Kleid-Ein Hoch auf die Teilungsn\u00e4hte!\" href=\"http:\/\/www.mode-franziska.de\/atelier\/images\/stories\/leer\/abend3.jpg\" rel=\"leer\"><img decoding=\"async\" src=\"http:\/\/www.mode-franziska.de\/atelier\/images\/stories\/leer\/thumbnails\/thumb_abend3.jpg\" alt=\"\" border=\"0\" \/><\/a><\/td>\n<\/tr>\n<\/tbody>\n<\/table>\n<div align=\"left\"><span style=\"font-size: 8pt;\">Foto: Vitzthum<\/span><\/div>\n<div align=\"left\">Dieses Kleid besticht durch das Spiel mit dem Material:\u00a0 die matte Seite des Crepe Satin im Grundkleid,\u00a0 die gl\u00e4nzende Seite in den formgebenden Teilungsn\u00e4hten. Genau diese Teilungsn\u00e4hte geben diesem festlichen Kleid das besondere Etwas. Ausgehend von der Taille, an der der gl\u00e4nzende Streifen schmal gehalten ist, verl\u00e4uft dieser zur Schulter als breiter Tr\u00e4ger und zum bodenlangen Saum streckend als schwingende Saumerweiterung. Der Schnitt dieses figurbetonenden Modells eignet sich in der Kombination mit Wei\u00df, Creme oder mit Spitze auch als Brautkleid.<\/div>\n<\/div>\n<div align=\"left\"><\/div>\n<\/div>\n<\/div>\n<\/div>\n<div align=\"left\"><\/div>\n<div align=\"left\"><\/div>\n<\/div>\n<\/div>\n<\/div>\n<\/div>\n","protected":false},"excerpt":{"rendered":"<p>weitere Modelle \u00a0Mit eleganten exklusiven Modellen unterstreichen Sie Ihre Pers\u00f6nlichkeit und haben bei einem festlichen Ballabend und Theaterbesuch Ihren besonderen Auftritt. Damen Herren Kleid mit Schleppe Foto: Monika Vitzthum Dieses elegante Festkleid aus korallefarbenen Crepe Satin besticht durch Formgebung und Eleganz. Glitzernde Swarowskysteine sind auf dem hochgeg\u00fcrteten Oberteil und dem linken Rockteil in einem ansprechendem [&hellip;]<\/p>\n","protected":false},"author":1,"featured_media":0,"parent":0,"menu_order":12,"comment_status":"closed","ping_status":"closed","template":"","meta":{"_et_pb_use_builder":"","_et_pb_old_content":"","_et_gb_content_width":"793","footnotes":""},"class_list":["post-272","page","type-page","status-publish","hentry"],"_links":{"self":[{"href":"https:\/\/mode-franziska.de\/neu\/wp-json\/wp\/v2\/pages\/272","targetHints":{"allow":["GET"]}}],"collection":[{"href":"https:\/\/mode-franziska.de\/neu\/wp-json\/wp\/v2\/pages"}],"about":[{"href":"https:\/\/mode-franziska.de\/neu\/wp-json\/wp\/v2\/types\/page"}],"author":[{"embeddable":true,"href":"https:\/\/mode-franziska.de\/neu\/wp-json\/wp\/v2\/users\/1"}],"replies":[{"embeddable":true,"href":"https:\/\/mode-franziska.de\/neu\/wp-json\/wp\/v2\/comments?post=272"}],"version-history":[{"count":5,"href":"https:\/\/mode-franziska.de\/neu\/wp-json\/wp\/v2\/pages\/272\/revisions"}],"predecessor-version":[{"id":617,"href":"https:\/\/mode-franziska.de\/neu\/wp-json\/wp\/v2\/pages\/272\/revisions\/617"}],"wp:attachment":[{"href":"https:\/\/mode-franziska.de\/neu\/wp-json\/wp\/v2\/media?parent=272"}],"curies":[{"name":"wp","href":"https:\/\/api.w.org\/{rel}","templated":true}]}}