{"id":315,"date":"2018-04-21T16:28:41","date_gmt":"2018-04-21T14:28:41","guid":{"rendered":"https:\/\/mode-franziska.de\/neu\/datenschutz-cookies\/"},"modified":"2022-08-31T17:19:14","modified_gmt":"2022-08-31T15:19:14","slug":"datenschutz-cookies","status":"publish","type":"page","link":"https:\/\/mode-franziska.de\/neu\/datenschutz-cookies\/","title":{"rendered":"Datenschutz \/ Cookies"},"content":{"rendered":"<div class=\"text-media-box__container\" align=\"left\">\n<div class=\"row\">\n<div class=\"col-xs-12 col-sm-6 text-center \">\n<div class=\"text-media-box__text render-text\">\n<div id=\"ja-contentwrap\" class=\"clearfix \">\n<div id=\"ja-content\" class=\"column\" style=\"width: 100%;\">\n<div id=\"ja-current-content\" class=\"column\" style=\"width: 100%;\">\n<div id=\"ja-content-main\" class=\"ja-content-main clearfix\">\n<div class=\"item-page clearfix\">\n<div class=\"content-links\"><\/div>\n<div class=\"art-postcontent\">\n<div class=\"art-article\">\n<div id=\"ts-muster-preview-generated\" class=\"active\">\n<p><strong>Datenschutzerkl\u00e4rung<\/strong><\/p>\n<p><strong>Geltungsbereich<\/strong><\/p>\n<p>Diese Datenschutzerkl\u00e4rung kl\u00e4rt Nutzer \u00fcber die Art, den Umfang und Zwecke der Erhebung und Verwendung personenbezogener Daten durch den verantwortlichen Anbieter (<strong>Ma\u00dfmode Franziska, <\/strong><strong>Franziska Sch\u00fctzeneder, <\/strong>Erlenweg 5, D-84359 Simbach am Inn \/ Erlach) auf dieser Website (im folgenden \u201cAngebot\u201d) auf.<\/p>\n<div class=\"content-links\">Die rechtlichen Grundlagen des Datenschutzes finden sich im Bundesdatenschutzgesetz (BDSG) und dem Telemediengesetz (TMG).<\/div>\n<p><strong>Zugriffsdaten\/ Server-Logfiles<\/strong><\/p>\n<p><span class=\"ts-muster-content\">Der Anbieter (beziehungsweise sein Webspace-Provider) erhebt Daten \u00fcber jeden Zugriff auf das Angebot (so genannte Serverlogfiles). Zu den Zugriffsdaten geh\u00f6ren:<\/span><\/p>\n<p>Name der abgerufenen Webseite, Datei, Datum und Uhrzeit des Abrufs, \u00fcbertragene Datenmenge, Meldung \u00fcber erfolgreichen Abruf, Browsertyp nebst Version, das Betriebssystem des Nutzers, Referrer URL (die zuvor besuchte Seite), IP-Adresse und der anfragende Provider.<\/p>\n<p>Der Anbieter verwendet die Protokolldaten nur f\u00fcr statistische Auswertungen zum Zweck des Betriebs, der Sicherheit und der Optimierung des Angebotes. Der Anbieterbeh\u00e4lt sich jedoch vor, die Protokolldaten nachtr\u00e4glich zu \u00fcberpr\u00fcfen, wenn aufgrund konkreter Anhaltspunkte der berechtigte Verdacht einer rechtswidrigen Nutzung besteht.<\/p>\n<p><strong>Kontaktaufnahme<\/strong><\/p>\n<p><span class=\"ts-muster-content\">Bei der Kontaktaufnahme mit dem Anbieter (zum Beispiel per Kontaktformular oder E-Mail) werden die Angaben des Nutzers zwecks Bearbeitung der Anfrage sowie f\u00fcr den Fall, dass Anschlussfragen entstehen, gespeichert.<\/span><\/p>\n<p><strong>Widerruf, \u00c4nderungen, Berichtigungen und Aktualisierungen<\/strong><\/p>\n<p>Der Nutzer hat das Recht, auf Antrag unentgeltlich Auskunft zu erhalten \u00fcber die personenbezogenen Daten, die \u00fcber ihn gespeichert wurden. Zus\u00e4tzlich hat der Nutzer das Recht auf Berichtigung unrichtiger Daten, Sperrung und L\u00f6schung seiner personenbezogenen Daten, soweit dem keine gesetzliche Aufbewahrungspflicht entgegensteht.<\/p>\n<p><strong>Cookies<\/strong><\/p>\n<div align=\"left\"><strong><em>Um unsere Webseite f\u00fcr Sie optimal zu gestalten und fortlaufend verbessern zu k\u00f6nnen, verwenden wir Cookies. Durch die weitere Nutzung der Webseite stimmen Sie der Verwendung von Cookies zu.<\/em><\/strong><\/div>\n<div align=\"left\"><\/div>\n<div class=\"container-default__teaser-text render-text\" align=\"left\">\n<p>Die Internetseiten verwenden teilweise so genannte Cookies. Cookies dienen dazu, unser Angebot nutzerfreundlicher, effektiver und sicherer zu machen. Cookies sind kleine Textdateien, die auf Ihrem Rechner abgelegt werden und die Ihr Browser speichert.<\/p>\n<p><strong style=\"font-size: revert;\">Cookies richten auf Ihrem Rechner keinen Schaden an und enthalten keine Viren.<\/strong><\/p>\n<\/div>\n<div class=\"col-xs-12 col-sm-6 text-center \">\n<div class=\"text-media-box__text render-text\">\n<p>Die meisten der von uns verwendeten Cookies sind so genannte \u201eSession-Cookies\u201c. Sie werden nach Ende Ihres Besuchs automatisch gel\u00f6scht. Andere Cookies bleiben auf Ihrem Endger\u00e4t gespeichert, bis Sie diese l\u00f6schen. Diese Cookies erm\u00f6glichen es uns, Ihren Browser beim n\u00e4chsten Besuch wiederzuerkennen.<\/p>\n<\/div>\n<\/div>\n<p>Sie k\u00f6nnen Ihren Browser so einstellen, dass Sie \u00fcber das Setzen von Cookies informiert werden und Cookies nur im Einzelfall erlauben, die Annahme von Cookies f\u00fcr bestimmte F\u00e4lle oder generell ausschlie\u00dfen sowie das automatische L\u00f6schen der Cookies beim Schlie\u00dfen des Browser aktivieren. Bei der Deaktivierung von Cookies kann die Funktionalit\u00e4t dieser Website eingeschr\u00e4nkt sein.<\/p>\n<p><a href=\"https:\/\/datenschutz-generator.de\/\"><strong>Erstellt mit Datenschutz-Generator.de von RA Dr. Thomas Schwenke<\/strong><\/a><\/p>\n<\/div>\n<\/div>\n<\/div>\n<\/div>\n<\/div>\n<\/div>\n<\/div>\n<\/div>\n<\/div>\n<\/div>\n<\/div>\n<\/div>\n","protected":false},"excerpt":{"rendered":"<p>Datenschutzerkl\u00e4rung Geltungsbereich Diese Datenschutzerkl\u00e4rung kl\u00e4rt Nutzer \u00fcber die Art, den Umfang und Zwecke der Erhebung und Verwendung personenbezogener Daten durch den verantwortlichen Anbieter (Ma\u00dfmode Franziska, Franziska Sch\u00fctzeneder, Erlenweg 5, D-84359 Simbach am Inn \/ Erlach) auf dieser Website (im folgenden \u201cAngebot\u201d) auf. Die rechtlichen Grundlagen des Datenschutzes finden sich im Bundesdatenschutzgesetz (BDSG) und dem Telemediengesetz [&hellip;]<\/p>\n","protected":false},"author":1,"featured_media":0,"parent":0,"menu_order":0,"comment_status":"closed","ping_status":"closed","template":"","meta":{"_et_pb_use_builder":"","_et_pb_old_content":"","_et_gb_content_width":"793","footnotes":""},"class_list":["post-315","page","type-page","status-publish","hentry"],"_links":{"self":[{"href":"https:\/\/mode-franziska.de\/neu\/wp-json\/wp\/v2\/pages\/315","targetHints":{"allow":["GET"]}}],"collection":[{"href":"https:\/\/mode-franziska.de\/neu\/wp-json\/wp\/v2\/pages"}],"about":[{"href":"https:\/\/mode-franziska.de\/neu\/wp-json\/wp\/v2\/types\/page"}],"author":[{"embeddable":true,"href":"https:\/\/mode-franziska.de\/neu\/wp-json\/wp\/v2\/users\/1"}],"replies":[{"embeddable":true,"href":"https:\/\/mode-franziska.de\/neu\/wp-json\/wp\/v2\/comments?post=315"}],"version-history":[{"count":3,"href":"https:\/\/mode-franziska.de\/neu\/wp-json\/wp\/v2\/pages\/315\/revisions"}],"predecessor-version":[{"id":853,"href":"https:\/\/mode-franziska.de\/neu\/wp-json\/wp\/v2\/pages\/315\/revisions\/853"}],"wp:attachment":[{"href":"https:\/\/mode-franziska.de\/neu\/wp-json\/wp\/v2\/media?parent=315"}],"curies":[{"name":"wp","href":"https:\/\/api.w.org\/{rel}","templated":true}]}}

<div class="text-media-box__container" align="left">
<div class="row">
<div class="col-xs-12 col-sm-6 text-center ">
<div class="text-media-box__text render-text">
<div id="ja-contentwrap" class="clearfix ">
<div id="ja-content" class="column" style="width: 100%;">
<div id="ja-current-content" class="column" style="width: 100%;">
<div id="ja-content-main" class="ja-content-main clearfix">
<div class="item-page clearfix">
<div class="content-links"></div>
<div class="art-postcontent">
<div class="art-article">
<div id="ts-muster-preview-generated" class="active">
<p><strong>Datenschutzerklärung</strong></p>
<p><strong>Geltungsbereich</strong></p>
<p>Diese Datenschutzerklärung klärt Nutzer über die Art, den Umfang und Zwecke der Erhebung und Verwendung personenbezogener Daten durch den verantwortlichen Anbieter (<strong>Maßmode Franziska, </strong><strong>Franziska Schützeneder, </strong>Erlenweg 5, D-84359 Simbach am Inn / Erlach) auf dieser Website (im folgenden “Angebot”) auf.</p>
<div class="content-links">Die rechtlichen Grundlagen des Datenschutzes finden sich im Bundesdatenschutzgesetz (BDSG) und dem Telemediengesetz (TMG).</div>
<p><strong>Zugriffsdaten/ Server-Logfiles</strong></p>
<p><span class="ts-muster-content">Der Anbieter (beziehungsweise sein Webspace-Provider) erhebt Daten über jeden Zugriff auf das Angebot (so genannte Serverlogfiles). Zu den Zugriffsdaten gehören:</span></p>
<p>Name der abgerufenen Webseite, Datei, Datum und Uhrzeit des Abrufs, übertragene Datenmenge, Meldung über erfolgreichen Abruf, Browsertyp nebst Version, das Betriebssystem des Nutzers, Referrer URL (die zuvor besuchte Seite), IP-Adresse und der anfragende Provider.</p>
<p>Der Anbieter verwendet die Protokolldaten nur für statistische Auswertungen zum Zweck des Betriebs, der Sicherheit und der Optimierung des Angebotes. Der Anbieterbehält sich jedoch vor, die Protokolldaten nachträglich zu überprüfen, wenn aufgrund konkreter Anhaltspunkte der berechtigte Verdacht einer rechtswidrigen Nutzung besteht.</p>
<p><strong>Kontaktaufnahme</strong></p>
<p><span class="ts-muster-content">Bei der Kontaktaufnahme mit dem Anbieter (zum Beispiel per Kontaktformular oder E-Mail) werden die Angaben des Nutzers zwecks Bearbeitung der Anfrage sowie für den Fall, dass Anschlussfragen entstehen, gespeichert.</span></p>
<p><strong>Widerruf, Änderungen, Berichtigungen und Aktualisierungen</strong></p>
<p>Der Nutzer hat das Recht, auf Antrag unentgeltlich Auskunft zu erhalten über die personenbezogenen Daten, die über ihn gespeichert wurden. Zusätzlich hat der Nutzer das Recht auf Berichtigung unrichtiger Daten, Sperrung und Löschung seiner personenbezogenen Daten, soweit dem keine gesetzliche Aufbewahrungspflicht entgegensteht.</p>
<p><strong>Cookies</strong></p>
<div align="left"><strong><em>Um unsere Webseite für Sie optimal zu gestalten und fortlaufend verbessern zu können, verwenden wir Cookies. Durch die weitere Nutzung der Webseite stimmen Sie der Verwendung von Cookies zu.</em></strong></div>
<div align="left"></div>
<div class="container-default__teaser-text render-text" align="left">
<p>Die Internetseiten verwenden teilweise so genannte Cookies. Cookies dienen dazu, unser Angebot nutzerfreundlicher, effektiver und sicherer zu machen. Cookies sind kleine Textdateien, die auf Ihrem Rechner abgelegt werden und die Ihr Browser speichert.</p>
<p><strong style="font-size: revert;">Cookies richten auf Ihrem Rechner keinen Schaden an und enthalten keine Viren.</strong></p>
</div>
<div class="col-xs-12 col-sm-6 text-center ">
<div class="text-media-box__text render-text">
<p>Die meisten der von uns verwendeten Cookies sind so genannte „Session-Cookies“. Sie werden nach Ende Ihres Besuchs automatisch gelöscht. Andere Cookies bleiben auf Ihrem Endgerät gespeichert, bis Sie diese löschen. Diese Cookies ermöglichen es uns, Ihren Browser beim nächsten Besuch wiederzuerkennen.</p>
</div>
</div>
<p>Sie können Ihren Browser so einstellen, dass Sie über das Setzen von Cookies informiert werden und Cookies nur im Einzelfall erlauben, die Annahme von Cookies für bestimmte Fälle oder generell ausschließen sowie das automatische Löschen der Cookies beim Schließen des Browser aktivieren. Bei der Deaktivierung von Cookies kann die Funktionalität dieser Website eingeschränkt sein.</p>
<p><a href="https://datenschutz-generator.de/"><strong>Erstellt mit Datenschutz-Generator.de von RA Dr. Thomas Schwenke</strong></a></p>
</div>
</div>
</div>
</div>
</div>
</div>
</div>
</div>
</div>
</div>
</div>
</div>

<p>Datenschutzerklärung Geltungsbereich Diese Datenschutzerklärung klärt Nutzer über die Art, den Umfang und Zwecke der Erhebung und Verwendung personenbezogener Daten durch den verantwortlichen Anbieter (Maßmode Franziska, Franziska Schützeneder, Erlenweg 5, D-84359 Simbach am Inn / Erlach) auf dieser Website (im folgenden “Angebot”) auf. Die rechtlichen Grundlagen des Datenschutzes finden sich im Bundesdatenschutzgesetz (BDSG) und dem Telemediengesetz [&hellip;]</p>
